CRAN Package Check Results for Package ACDm

Last updated on 2022-01-26 05:54:07 CET.

Flavor Version Tinstall Tcheck Ttotal Status Flags
r-devel-linux-x86_64-debian-clang 1.0.4 15.48 99.66 115.14 OK
r-devel-linux-x86_64-debian-gcc 1.0.4 13.60 74.08 87.68 OK
r-devel-linux-x86_64-fedora-clang 1.0.4 143.16 NOTE
r-devel-linux-x86_64-fedora-gcc 1.0.4 127.08 NOTE
r-devel-windows-x86_64-new-UL 1.0.4 61.00 133.00 194.00 OK
r-devel-windows-x86_64-new-TK 1.0.4 OK
r-patched-linux-x86_64 1.0.4 20.05 93.17 113.22 OK
r-release-linux-x86_64 1.0.4 16.98 92.50 109.48 OK
r-release-macos-arm64 1.0.4 OK
r-release-macos-x86_64 1.0.4 OK
r-release-windows-ix86+x86_64 1.0.4 39.00 177.00 216.00 OK
r-oldrel-macos-x86_64 1.0.4 OK
r-oldrel-windows-ix86+x86_64 1.0.4 40.00 176.00 216.00 OK

Check Details

Version: 1.0.4
Check: compiled code
Result: NOTE
    File ‘ACDm/libs/ACDm.so’:
     Found no calls to: ‘R_registerRoutines’, ‘R_useDynamicSymbols’
    
    It is good practice to register native routines and to disable symbol
    search.
    
    See ‘Writing portable packages’ in the ‘Writing R Extensions’ manual.
Flavors: r-devel-linux-x86_64-fedora-clang, r-devel-linux-x86_64-fedora-gcc