CRAN Package Check Results for Package ADAPTS

Last updated on 2024-06-12 06:58:13 CEST.

Flavor Version Tinstall Tcheck Ttotal Status Flags
r-devel-linux-x86_64-debian-clang 1.0.22 5.90 88.08 93.98 NOTE
r-devel-linux-x86_64-debian-gcc 1.0.22 4.88 61.85 66.73 NOTE
r-devel-linux-x86_64-fedora-clang 1.0.22 120.38 NOTE
r-devel-linux-x86_64-fedora-gcc 1.0.22 129.53 NOTE
r-devel-windows-x86_64 1.0.22 8.00 105.00 113.00 NOTE
r-patched-linux-x86_64 1.0.22 7.82 83.66 91.48 NOTE
r-release-linux-x86_64 1.0.22 6.63 86.56 93.19 NOTE
r-release-macos-arm64 1.0.22 35.00 WARN
r-release-macos-x86_64 1.0.22 62.00 NOTE
r-release-windows-x86_64 1.0.22 6.00 97.00 103.00 NOTE
r-oldrel-macos-arm64 1.0.22 44.00 NOTE
r-oldrel-macos-x86_64 1.0.22 67.00 NOTE
r-oldrel-windows-x86_64 1.0.22 7.00 104.00 111.00 NOTE

Check Details

Version: 1.0.22
Check: Rd files
Result: NOTE checkRd: (-1) SVMDECON.Rd:23: Lost braces; missing escapes or markup? 23 | and the best result from three values of v = {0.25, 0.5, 0.75} | ^ Flavors: r-devel-linux-x86_64-debian-clang, r-devel-linux-x86_64-debian-gcc, r-devel-linux-x86_64-fedora-clang, r-devel-linux-x86_64-fedora-gcc, r-devel-windows-x86_64, r-patched-linux-x86_64, r-release-linux-x86_64, r-release-macos-arm64, r-release-macos-x86_64, r-release-windows-x86_64

Version: 1.0.22
Check: installed package size
Result: NOTE installed size is 7.6Mb sub-directories of 1Mb or more: doc 7.1Mb Flavors: r-devel-linux-x86_64-fedora-clang, r-devel-windows-x86_64, r-release-macos-arm64, r-release-macos-x86_64, r-release-windows-x86_64, r-oldrel-macos-arm64, r-oldrel-macos-x86_64, r-oldrel-windows-x86_64

Version: 1.0.22
Check: package dependencies
Result: WARN Skipping vignette re-building Package suggested but not available for checking: ‘R.rsp’ VignetteBuilder package required for checking but not installed: ‘R.rsp’ Flavor: r-release-macos-arm64

Version: 1.0.22
Check: package dependencies
Result: NOTE Packages suggested but not available for checking: 'DeconRNASeq', 'WGCNA' Flavors: r-oldrel-macos-arm64, r-oldrel-macos-x86_64