CRAN Package Check Results for Package APML0

Last updated on 2020-01-20 05:47:07 CET.

Flavor Version Tinstall Tcheck Ttotal Status Flags
r-devel-linux-x86_64-debian-clang 0.9 51.42 65.44 116.86 NOTE
r-devel-linux-x86_64-debian-gcc 0.9 41.58 51.30 92.88 NOTE
r-devel-linux-x86_64-fedora-clang 0.10 172.54 NOTE
r-devel-linux-x86_64-fedora-gcc 0.9 161.88 NOTE
r-devel-windows-ix86+x86_64 0.9 106.00 144.00 250.00 NOTE
r-devel-windows-ix86+x86_64-gcc8 0.9 79.00 113.00 192.00 NOTE
r-patched-linux-x86_64 0.9 45.24 58.62 103.86 NOTE
r-patched-solaris-x86 0.10 157.70 OK
r-release-linux-x86_64 0.9 44.11 59.53 103.64 NOTE
r-release-windows-ix86+x86_64 0.9 104.00 107.00 211.00 NOTE
r-release-osx-x86_64 0.9 NOTE
r-oldrel-windows-ix86+x86_64 0.9 62.00 91.00 153.00 OK
r-oldrel-osx-x86_64 0.9 NOTE

Check Details

Version: 0.9
Check: line endings in C/C++/Fortran sources/headers
Result: NOTE
    Found the following sources/headers with CR or CRLF line endings:
     inst/include/APML0.h
     inst/include/APML0_RcppExports.h
    Some Unix compilers require LF line endings.
Flavors: r-devel-linux-x86_64-debian-clang, r-devel-linux-x86_64-debian-gcc, r-devel-linux-x86_64-fedora-gcc, r-devel-windows-ix86+x86_64, r-devel-windows-ix86+x86_64-gcc8, r-patched-linux-x86_64, r-release-linux-x86_64, r-release-windows-ix86+x86_64, r-release-osx-x86_64

Version: 0.10
Check: installed package size
Result: NOTE
     installed size is 10.1Mb
     sub-directories of 1Mb or more:
     libs 9.8Mb
Flavor: r-devel-linux-x86_64-fedora-clang

Version: 0.9
Check: installed package size
Result: NOTE
     installed size is 10.4Mb
     sub-directories of 1Mb or more:
     libs 10.2Mb
Flavors: r-release-osx-x86_64, r-oldrel-osx-x86_64