CRAN Package Check Results for Package APML0

Last updated on 2019-08-23 05:46:49 CEST.

Flavor Version Tinstall Tcheck Ttotal Status Flags
r-devel-linux-x86_64-debian-clang 0.9 52.27 60.40 112.67 NOTE
r-devel-linux-x86_64-debian-gcc 0.9 44.10 48.12 92.22 NOTE
r-devel-linux-x86_64-fedora-clang 0.9 153.35 NOTE
r-devel-linux-x86_64-fedora-gcc 0.9 156.91 NOTE
r-devel-windows-ix86+x86_64 0.9 96.00 135.00 231.00 NOTE
r-patched-linux-x86_64 0.9 47.12 59.90 107.02 NOTE
r-patched-solaris-x86 0.9 171.50 NOTE
r-release-linux-x86_64 0.9 43.68 59.22 102.90 NOTE
r-release-windows-ix86+x86_64 0.9 91.00 136.00 227.00 NOTE
r-release-osx-x86_64 0.9 NOTE
r-oldrel-windows-ix86+x86_64 0.9 84.00 131.00 215.00 OK
r-oldrel-osx-x86_64 0.9 NOTE

Check Details

Version: 0.9
Check: line endings in C/C++/Fortran sources/headers
Result: NOTE
    Found the following sources/headers with CR or CRLF line endings:
     inst/include/APML0.h
     inst/include/APML0_RcppExports.h
    Some Unix compilers require LF line endings.
Flavors: r-devel-linux-x86_64-debian-clang, r-devel-linux-x86_64-debian-gcc, r-devel-linux-x86_64-fedora-clang, r-devel-linux-x86_64-fedora-gcc, r-devel-windows-ix86+x86_64, r-patched-linux-x86_64, r-patched-solaris-x86, r-release-linux-x86_64, r-release-windows-ix86+x86_64, r-release-osx-x86_64

Version: 0.9
Check: installed package size
Result: NOTE
     installed size is 9.6Mb
     sub-directories of 1Mb or more:
     libs 9.4Mb
Flavors: r-devel-linux-x86_64-fedora-clang, r-release-osx-x86_64, r-oldrel-osx-x86_64