CRAN Package Check Results for Package ARTP2

Last updated on 2022-01-26 05:54:08 CET.

Flavor Version Tinstall Tcheck Ttotal Status Flags
r-devel-linux-x86_64-debian-clang 0.9.45 22.86 82.07 104.93 NOTE
r-devel-linux-x86_64-debian-gcc 0.9.45 17.42 62.88 80.30 NOTE
r-devel-linux-x86_64-fedora-clang 0.9.45 138.02 NOTE
r-devel-linux-x86_64-fedora-gcc 0.9.45 121.53 NOTE
r-devel-windows-x86_64-new-UL 0.9.45 112.00 126.00 238.00 NOTE
r-devel-windows-x86_64-new-TK 0.9.45 NOTE
r-patched-linux-x86_64 0.9.45 23.33 78.24 101.57 NOTE
r-release-linux-x86_64 0.9.45 23.55 78.78 102.33 NOTE
r-release-macos-arm64 0.9.45 NOTE
r-release-macos-x86_64 0.9.45 NOTE
r-release-windows-ix86+x86_64 0.9.45 48.00 118.00 166.00 NOTE
r-oldrel-macos-x86_64 0.9.45 NOTE
r-oldrel-windows-ix86+x86_64 0.9.45 49.00 118.00 167.00 NOTE

Check Details

Version: 0.9.45
Check: package dependencies
Result: NOTE
    Package which this enhances but not available for checking: 'ARTP'
Flavors: r-devel-linux-x86_64-debian-clang, r-devel-linux-x86_64-debian-gcc, r-devel-linux-x86_64-fedora-clang, r-devel-linux-x86_64-fedora-gcc, r-devel-windows-x86_64-new-UL, r-devel-windows-x86_64-new-TK, r-patched-linux-x86_64, r-release-linux-x86_64, r-release-macos-arm64, r-release-macos-x86_64, r-oldrel-macos-x86_64

Version: 0.9.45
Check: installed package size
Result: NOTE
     installed size is 6.1Mb
     sub-directories of 1Mb or more:
     extdata 3.7Mb
     libs 1.2Mb
Flavors: r-devel-linux-x86_64-fedora-clang, r-devel-windows-x86_64-new-UL, r-release-macos-arm64, r-release-macos-x86_64, r-release-windows-ix86+x86_64, r-oldrel-macos-x86_64, r-oldrel-windows-ix86+x86_64