CRAN Package Check Results for Package ASIP

Last updated on 2021-11-29 05:49:38 CET.

Flavor Version Tinstall Tcheck Ttotal Status Flags
r-devel-linux-x86_64-debian-clang 0.4.9 NOTE
r-devel-linux-x86_64-debian-gcc 0.4.9 26.16 191.54 217.70 NOTE
r-devel-linux-x86_64-fedora-clang 0.4.9 348.83 NOTE
r-devel-linux-x86_64-fedora-gcc 0.4.9 355.24 NOTE
r-devel-windows-x86_64-new-UL 0.4.9 46.00 288.00 334.00 NOTE
r-devel-windows-x86_64-new-TK 0.4.9 NOTE
r-devel-windows-x86_64-old 0.4.9 36.00 229.00 265.00 NOTE
r-patched-linux-x86_64 0.4.9 28.09 242.69 270.78 NOTE
r-patched-solaris-x86 0.4.9 411.50 NOTE
r-release-linux-x86_64 0.4.9 26.31 250.29 276.60 NOTE
r-release-macos-arm64 0.4.9 NOTE
r-release-macos-x86_64 0.4.9 NOTE
r-release-windows-ix86+x86_64 0.4.9 65.00 278.00 343.00 NOTE
r-oldrel-macos-x86_64 0.4.9 OK
r-oldrel-windows-ix86+x86_64 0.4.9 45.00 280.00 325.00 OK

Check Details

Version: 0.4.9
Check: LazyData
Result: NOTE
     'LazyData' is specified without a 'data' directory
Flavors: r-devel-linux-x86_64-debian-clang, r-devel-linux-x86_64-debian-gcc, r-devel-linux-x86_64-fedora-clang, r-devel-linux-x86_64-fedora-gcc, r-devel-windows-x86_64-new-UL, r-devel-windows-x86_64-new-TK, r-devel-windows-x86_64-old, r-patched-linux-x86_64, r-patched-solaris-x86, r-release-linux-x86_64, r-release-macos-arm64, r-release-macos-x86_64, r-release-windows-ix86+x86_64