CRAN Package Check Results for Package ASMap

Last updated on 2022-05-27 05:52:51 CEST.

Flavor Version Tinstall Tcheck Ttotal Status Flags
r-devel-linux-x86_64-debian-clang 1.0-4 29.41 459.24 488.65 NOTE
r-devel-linux-x86_64-debian-gcc 1.0-4 25.19 419.01 444.20 NOTE
r-devel-linux-x86_64-fedora-clang 1.0-4 602.94 NOTE
r-devel-linux-x86_64-fedora-gcc 1.0-4 689.11 NOTE
r-devel-windows-x86_64 1.0-4 39.00 96.00 135.00 OK --no-examples --no-tests --no-vignettes
r-patched-linux-x86_64 1.0-4 30.12 501.78 531.90 NOTE
r-release-linux-x86_64 1.0-4 24.93 505.22 530.15 NOTE
r-release-macos-arm64 1.0-4 236.00 OK
r-release-macos-x86_64 1.0-4 432.00 OK
r-release-windows-x86_64 1.0-4 38.00 96.00 134.00 OK --no-examples --no-tests --no-vignettes
r-oldrel-macos-arm64 1.0-4 256.00 OK
r-oldrel-macos-x86_64 1.0-4 400.00 OK
r-oldrel-windows-ix86+x86_64 1.0-4 69.00 113.00 182.00 OK --no-examples --no-tests --no-vignettes

Check Details

Version: 1.0-4
Check: for non-standard things in the check directory
Result: NOTE
    Found the following files/directories:
     'MSToutput.txt'
Flavors: r-devel-linux-x86_64-debian-clang, r-devel-linux-x86_64-debian-gcc, r-devel-linux-x86_64-fedora-clang, r-devel-linux-x86_64-fedora-gcc, r-patched-linux-x86_64, r-release-linux-x86_64