CRAN Package Check Results for Package ASV

Last updated on 2022-11-27 05:51:26 CET.

Flavor Version Tinstall Tcheck Ttotal Status Flags
r-devel-linux-x86_64-debian-clang 1.1.1 51.18 52.95 104.13 OK
r-devel-linux-x86_64-debian-gcc 1.1.1 45.15 39.96 85.11 OK
r-devel-linux-x86_64-fedora-clang 1.1.1 160.72 OK
r-devel-linux-x86_64-fedora-gcc 1.1.1 154.86 OK
r-devel-windows-x86_64 1.1.1 46.00 113.00 159.00 OK
r-patched-linux-x86_64 1.1.1 47.72 51.18 98.90 OK
r-release-linux-x86_64 1.1.1 48.79 51.79 100.58 OK
r-release-macos-arm64 1.1.1 39.00 NOTE
r-release-macos-x86_64 1.1.1 52.00 NOTE
r-release-windows-x86_64 1.1.1 153.00 134.00 287.00 OK
r-oldrel-macos-arm64 1.1.1 37.00 NOTE
r-oldrel-macos-x86_64 1.1.1 53.00 NOTE
r-oldrel-windows-ix86+x86_64 1.1.1 124.00 144.00 268.00 OK

Check Details

Version: 1.1.1
Check: installed package size
Result: NOTE
     installed size is 6.5Mb
     sub-directories of 1Mb or more:
     libs 6.3Mb
Flavors: r-release-macos-arm64, r-release-macos-x86_64, r-oldrel-macos-arm64, r-oldrel-macos-x86_64