CRAN Package Check Results for Package AcrossTic

Last updated on 2024-07-21 06:52:02 CEST.

Flavor Version Tinstall Tcheck Ttotal Status Flags
r-devel-linux-x86_64-debian-clang 1.0-3 2.63 24.50 27.13 OK
r-devel-linux-x86_64-debian-gcc 1.0-3 1.77 19.42 21.19 NOTE
r-devel-linux-x86_64-fedora-clang 1.0-3 34.51 OK
r-devel-linux-x86_64-fedora-gcc 1.0-3 33.52 OK
r-devel-windows-x86_64 1.0-3 3.00 48.00 51.00 NOTE
r-patched-linux-x86_64 1.0-3 4.56 23.74 28.30 OK
r-release-linux-x86_64 1.0-3 2.50 24.21 26.71 OK
r-release-macos-arm64 1.0-3 17.00 OK
r-release-macos-x86_64 1.0-3 28.00 OK
r-release-windows-x86_64 1.0-3 3.00 47.00 50.00 OK
r-oldrel-macos-arm64 1.0-3 19.00 OK
r-oldrel-macos-x86_64 1.0-3 23.00 OK
r-oldrel-windows-x86_64 1.0-3 3.00 48.00 51.00 OK

Check Details

Version: 1.0-3
Check: Rd cross-references
Result: NOTE Found the following Rd file(s) with Rd \link{} targets missing package anchors: rRegMatch.Rd: daisy, treeClust.dist Please provide package anchors for all Rd \link{} targets not in the package itself and the base packages. Flavors: r-devel-linux-x86_64-debian-gcc, r-devel-windows-x86_64