CRAN Package Check Results for Package AhoCorasickTrie

Last updated on 2022-08-08 05:49:23 CEST.

Flavor Version Tinstall Tcheck Ttotal Status Flags
r-devel-linux-x86_64-debian-clang 0.1.2 22.23 43.41 65.64 NOTE
r-devel-linux-x86_64-debian-gcc 0.1.2 18.66 33.90 52.56 NOTE
r-devel-linux-x86_64-fedora-clang 0.1.2 103.55 NOTE
r-devel-linux-x86_64-fedora-gcc 0.1.2 108.54 NOTE
r-devel-windows-x86_64 0.1.2 33.00 89.00 122.00 NOTE
r-patched-linux-x86_64 0.1.2 20.87 41.97 62.84 NOTE
r-release-linux-x86_64 0.1.2 NOTE
r-release-macos-arm64 0.1.2 29.00 NOTE
r-release-macos-x86_64 0.1.2 47.00 NOTE
r-release-windows-x86_64 0.1.2 41.00 92.00 133.00 NOTE
r-oldrel-macos-arm64 0.1.2 40.00 NOTE
r-oldrel-macos-x86_64 0.1.2 68.00 NOTE
r-oldrel-windows-ix86+x86_64 0.1.2 57.00 116.00 173.00 NOTE

Check Details

Version: 0.1.2
Check: LazyData
Result: NOTE
     'LazyData' is specified without a 'data' directory
Flavors: r-devel-linux-x86_64-debian-clang, r-devel-linux-x86_64-debian-gcc, r-devel-linux-x86_64-fedora-clang, r-devel-linux-x86_64-fedora-gcc, r-devel-windows-x86_64, r-patched-linux-x86_64, r-release-linux-x86_64, r-release-macos-arm64, r-release-macos-x86_64, r-release-windows-x86_64, r-oldrel-macos-arm64, r-oldrel-macos-x86_64, r-oldrel-windows-ix86+x86_64

Version: 0.1.2
Check: package dependencies
Result: NOTE
    Package suggested but not available for checking: ‘Biostrings’
Flavor: r-release-macos-arm64

Version: 0.1.2
Check: Rd cross-references
Result: NOTE
    Package unavailable to check Rd xrefs: ‘Biostrings’
Flavor: r-release-macos-arm64