CRAN Package Check Results for Package AzureStor

Last updated on 2022-01-22 05:10:10 CET.

Flavor Version Tinstall Tcheck Ttotal Status Flags
r-devel-linux-x86_64-debian-clang 3.6.0 8.04 51.68 59.72 OK
r-devel-linux-x86_64-debian-gcc 3.6.0 5.71 39.84 45.55 OK
r-devel-linux-x86_64-fedora-clang 3.6.0 72.02 NOTE
r-devel-linux-x86_64-fedora-gcc 3.6.0 64.38 NOTE
r-devel-windows-x86_64-new-UL 3.6.0 124.00 79.00 203.00 OK
r-devel-windows-x86_64-new-TK 3.6.0 NOTE
r-patched-linux-x86_64 3.6.0 11.04 51.23 62.27 OK
r-release-linux-x86_64 3.6.0 4.19 51.13 55.32 OK
r-release-macos-arm64 3.6.0 NOTE
r-release-macos-x86_64 3.6.0 NOTE
r-release-windows-ix86+x86_64 3.6.0 14.00 55.00 69.00 OK
r-oldrel-macos-x86_64 3.6.0 NOTE
r-oldrel-windows-ix86+x86_64 3.6.0 12.00 74.00 86.00 OK

Check Details

Version: 3.6.0
Check: dependencies in R code
Result: NOTE
    Namespace in Imports field not imported from: ‘R6’
     All declared Imports should be used.
Flavors: r-devel-linux-x86_64-fedora-clang, r-devel-linux-x86_64-fedora-gcc, r-devel-windows-x86_64-new-TK, r-release-macos-arm64, r-release-macos-x86_64, r-oldrel-macos-x86_64