CRAN Package Check Results for Package BALCONY

Last updated on 2022-01-24 05:51:42 CET.

Flavor Version Tinstall Tcheck Ttotal Status Flags
r-devel-linux-x86_64-debian-clang 0.2.10 18.85 209.51 228.36 NOTE
r-devel-linux-x86_64-debian-gcc 0.2.10 16.32 153.41 169.73 NOTE
r-devel-linux-x86_64-fedora-clang 0.2.10 270.15 NOTE
r-devel-linux-x86_64-fedora-gcc 0.2.10 268.00 NOTE
r-devel-windows-x86_64-new-UL 0.2.10 227.00 226.00 453.00 OK
r-devel-windows-x86_64-new-TK 0.2.10 NOTE
r-patched-linux-x86_64 0.2.10 19.10 198.06 217.16 NOTE
r-release-linux-x86_64 0.2.10 18.66 197.61 216.27 NOTE
r-release-macos-arm64 0.2.10 NOTE
r-release-macos-x86_64 0.2.10 NOTE
r-release-windows-ix86+x86_64 0.2.10 44.00 225.00 269.00 OK
r-oldrel-macos-x86_64 0.2.10 NOTE
r-oldrel-windows-ix86+x86_64 0.2.10 41.00 212.00 253.00 OK

Check Details

Version: 0.2.10
Check: for non-standard things in the check directory
Result: NOTE
    Found the following files/directories:
     'exemplary_input1.txt' 'exemplary_input2.txt'
Flavors: r-devel-linux-x86_64-debian-clang, r-devel-linux-x86_64-debian-gcc, r-devel-linux-x86_64-fedora-clang, r-devel-linux-x86_64-fedora-gcc, r-patched-linux-x86_64, r-release-linux-x86_64

Version: 0.2.10
Check: dependencies in R code
Result: NOTE
    Namespace in Imports field not imported from: ‘base’
     All declared Imports should be used.
Flavors: r-devel-linux-x86_64-fedora-clang, r-devel-linux-x86_64-fedora-gcc, r-devel-windows-x86_64-new-TK, r-release-macos-arm64, r-release-macos-x86_64, r-oldrel-macos-x86_64