CRAN Package Check Results for Package BAMBI

Last updated on 2019-12-15 05:47:32 CET.

Flavor Version Tinstall Tcheck Ttotal Status Flags
r-devel-linux-x86_64-debian-clang 2.1.0 111.87 118.22 230.09 OK
r-devel-linux-x86_64-debian-gcc 2.1.0 77.54 90.33 167.87 OK
r-devel-linux-x86_64-fedora-clang 2.1.0 306.06 OK
r-devel-linux-x86_64-fedora-gcc 2.1.0 282.04 OK
r-devel-windows-ix86+x86_64 2.1.0 198.00 171.00 369.00 OK
r-devel-windows-ix86+x86_64-gcc8 2.1.0 220.00 199.00 419.00 OK
r-patched-linux-x86_64 2.1.0 88.81 104.64 193.45 OK
r-patched-solaris-x86 2.1.0 310.40 OK
r-release-linux-x86_64 2.1.0 85.45 105.27 190.72 OK
r-release-windows-ix86+x86_64 2.1.0 194.00 170.00 364.00 OK
r-release-osx-x86_64 2.1.0 FAIL
r-oldrel-windows-ix86+x86_64 2.1.0 184.00 158.00 342.00 OK
r-oldrel-osx-x86_64 2.1.0 OK

Check Details

Version: 2.1.0
Check: dependencies in R code
Result: FAIL
Flavor: r-release-osx-x86_64