CRAN Package Check Results for Package BAMBI

Last updated on 2019-08-19 05:46:18 CEST.

Flavor Version Tinstall Tcheck Ttotal Status Flags
r-devel-linux-x86_64-debian-clang 2.1.0 95.05 108.53 203.58 OK
r-devel-linux-x86_64-debian-gcc 2.1.0 76.34 83.46 159.80 OK
r-devel-linux-x86_64-fedora-clang 2.1.0 278.70 OK
r-devel-linux-x86_64-fedora-gcc 2.1.0 269.09 OK
r-devel-windows-ix86+x86_64 2.1.0 261.00 252.00 513.00 OK
r-patched-linux-x86_64 2.1.0 83.60 106.61 190.21 OK
r-patched-solaris-x86 2.1.0 317.70 OK
r-release-linux-x86_64 2.1.0 90.82 103.40 194.22 OK
r-release-windows-ix86+x86_64 2.1.0 208.00 182.00 390.00 OK
r-release-osx-x86_64 2.1.0 FAIL
r-oldrel-windows-ix86+x86_64 2.1.0 251.00 203.00 454.00 OK
r-oldrel-osx-x86_64 2.1.0 OK

Check Details

Version: 2.1.0
Check: dependencies in R code
Result: FAIL
    
Flavor: r-release-osx-x86_64