CRAN Package Check Results for Package BAMMtools

Last updated on 2019-08-17 05:46:14 CEST.

Flavor Version Tinstall Tcheck Ttotal Status Flags
r-devel-linux-x86_64-debian-clang 2.1.6 9.93 135.64 145.57 NOTE
r-devel-linux-x86_64-debian-gcc 2.1.6 9.00 99.05 108.05 NOTE
r-devel-linux-x86_64-fedora-clang 2.1.6 167.74 NOTE
r-devel-linux-x86_64-fedora-gcc 2.1.6 168.98 NOTE
r-devel-windows-ix86+x86_64 2.1.6 34.00 306.00 340.00 OK
r-patched-linux-x86_64 2.1.6 9.39 132.32 141.71 OK
r-patched-solaris-x86 2.1.6 235.40 OK
r-release-linux-x86_64 2.1.6 10.67 133.64 144.31 OK
r-release-windows-ix86+x86_64 2.1.6 29.00 298.00 327.00 OK
r-release-osx-x86_64 2.1.6 OK
r-oldrel-windows-ix86+x86_64 2.1.6 24.00 306.00 330.00 OK
r-oldrel-osx-x86_64 2.1.6 OK

Check Details

Version: 2.1.6
Check: for non-standard things in the check directory
Result: NOTE
    Found the following files/directories:
     'divcontrol.txt' 'traitcontrol.txt'
Flavors: r-devel-linux-x86_64-debian-clang, r-devel-linux-x86_64-debian-gcc, r-devel-linux-x86_64-fedora-clang, r-devel-linux-x86_64-fedora-gcc

Version: 2.1.6
Check: compiled code
Result: NOTE
    File ‘BAMMtools/libs/BAMMtools.so’:
     Found no calls to: ‘R_registerRoutines’, ‘R_useDynamicSymbols’
    
    It is good practice to register native routines and to disable symbol
    search.
    
    See ‘Writing portable packages’ in the ‘Writing R Extensions’ manual.
Flavors: r-devel-linux-x86_64-fedora-clang, r-devel-linux-x86_64-fedora-gcc