CRAN Package Check Results for Package BAMMtools

Last updated on 2019-02-20 05:49:34 CET.

Flavor Version Tinstall Tcheck Ttotal Status Flags
r-devel-linux-x86_64-debian-clang 2.1.6 10.26 139.58 149.84 OK
r-devel-linux-x86_64-debian-gcc 2.1.6 7.08 101.52 108.60 OK
r-devel-linux-x86_64-fedora-clang 2.1.6 180.25 NOTE
r-devel-linux-x86_64-fedora-gcc 2.1.6 163.47 NOTE
r-devel-windows-ix86+x86_64 2.1.6 26.00 228.00 254.00 OK
r-patched-linux-x86_64 2.1.6 OK
r-patched-solaris-x86 2.1.6 222.20 OK
r-release-linux-x86_64 2.1.6 8.17 134.50 142.67 OK
r-release-windows-ix86+x86_64 2.1.6 17.00 313.00 330.00 OK
r-release-osx-x86_64 2.1.6 OK
r-oldrel-windows-ix86+x86_64 2.1.6 14.00 239.00 253.00 OK
r-oldrel-osx-x86_64 2.1.6 OK

Check Details

Version: 2.1.6
Check: compiled code
Result: NOTE
    File ‘BAMMtools/libs/BAMMtools.so’:
     Found no calls to: ‘R_registerRoutines’, ‘R_useDynamicSymbols’
    
    It is good practice to register native routines and to disable symbol
    search.
    
    See ‘Writing portable packages’ in the ‘Writing R Extensions’ manual.
Flavors: r-devel-linux-x86_64-fedora-clang, r-devel-linux-x86_64-fedora-gcc