CRAN Package Check Results for Package BB

Last updated on 2019-03-23 05:47:34 CET.

Flavor Version Tinstall Tcheck Ttotal Status Flags
r-devel-linux-x86_64-debian-clang 2014.10-1 2.96 311.56 314.52 OK
r-devel-linux-x86_64-debian-gcc 2014.10-1 2.27 250.67 252.94 OK
r-devel-linux-x86_64-fedora-clang 2014.10-1 373.05 OK
r-devel-linux-x86_64-fedora-gcc 2014.10-1 396.28 OK
r-devel-windows-ix86+x86_64 2014.10-1 11.00 399.00 410.00 OK
r-patched-linux-x86_64 2014.10-1 2.40 299.35 301.75 OK
r-patched-solaris-x86 2014.10-1 618.60 OK
r-release-linux-x86_64 2014.10-1 0.40 2.23 2.63 ERROR
r-release-windows-ix86+x86_64 2014.10-1 5.00 327.00 332.00 OK
r-release-osx-x86_64 2014.10-1 OK
r-oldrel-windows-ix86+x86_64 2014.10-1 4.00 445.00 449.00 OK
r-oldrel-osx-x86_64 2014.10-1 OK

Check Details

Version: 2014.10-1
Check: whether package can be installed
Result: ERROR
    Installation failed.
Flavor: r-release-linux-x86_64