CRAN Package Check Results for Package BB

Last updated on 2019-05-21 05:48:53 CEST.

Flavor Version Tinstall Tcheck Ttotal Status Flags
r-devel-linux-x86_64-debian-clang 2014.10-1 3.25 317.81 321.06 OK
r-devel-linux-x86_64-debian-gcc 2014.10-1 2.46 252.20 254.66 OK
r-devel-linux-x86_64-fedora-clang 2014.10-1 386.64 OK
r-devel-linux-x86_64-fedora-gcc 2014.10-1 380.12 OK
r-devel-windows-ix86+x86_64 2014.10-1 12.00 398.00 410.00 OK
r-patched-linux-x86_64 2014.10-1 2.95 315.60 318.55 OK
r-patched-solaris-x86 2014.10-1 645.30 OK
r-release-linux-x86_64 2014.10-1 3.01 314.92 317.93 OK
r-release-windows-ix86+x86_64 2014.10-1 6.00 409.00 415.00 OK
r-release-osx-x86_64 2014.10-1 WARN
r-oldrel-windows-ix86+x86_64 2014.10-1 4.00 287.00 291.00 OK
r-oldrel-osx-x86_64 2014.10-1 OK

Check Details

Version: 2014.10-1
Check: running R code from vignettes
Result: WARN
    Errors in running code in vignettes:
    when running code in ‘BBvignetteJSS.Stex’
     ...
    Error: package or namespace load failed for ‘Hmisc’ in loadNamespace(i, c(lib.loc, .libPaths()), versionCheck = vI[[i]]):
     there is no package called ‘stringi’
    
    > latex(table1, file = "", caption = table1.caption,
    + caption.loc = "bottom", cgroups = cgroups, n.cgroups = c(3,
    + 3, 3, 1), rgroups = .... [TRUNCATED]
    
     When sourcing ‘BBvignetteJSS.R’:
    Error: could not find function "latex"
    Execution halted
Flavor: r-release-osx-x86_64