CRAN Package Check Results for Package BBEST

Last updated on 2022-10-06 05:59:21 CEST.

Flavor Version Tinstall Tcheck Ttotal Status Flags
r-devel-linux-x86_64-debian-clang 0.1-8 10.86 80.89 91.75 NOTE
r-devel-linux-x86_64-debian-gcc 0.1-8 8.28 60.16 68.44 NOTE
r-devel-linux-x86_64-fedora-clang 0.1-8 130.98 NOTE
r-devel-linux-x86_64-fedora-gcc 0.1-8 118.07 NOTE
r-devel-windows-x86_64 0.1-8 26.00 105.00 131.00 NOTE
r-patched-linux-x86_64 0.1-8 12.63 75.08 87.71 NOTE
r-release-linux-x86_64 0.1-8 9.84 75.14 84.98 NOTE
r-release-macos-arm64 0.1-8 32.00 NOTE
r-release-macos-x86_64 0.1-8 57.00 NOTE
r-release-windows-x86_64 0.1-8 31.00 104.00 135.00 NOTE
r-oldrel-macos-arm64 0.1-8 39.00 NOTE
r-oldrel-macos-x86_64 0.1-8 60.00 NOTE
r-oldrel-windows-ix86+x86_64 0.1-8 29.00 97.00 126.00 NOTE

Check Details

Version: 0.1-8
Check: LazyData
Result: NOTE
     'LazyData' is specified without a 'data' directory
Flavors: r-devel-linux-x86_64-debian-clang, r-devel-linux-x86_64-debian-gcc, r-devel-linux-x86_64-fedora-clang, r-devel-linux-x86_64-fedora-gcc, r-devel-windows-x86_64, r-patched-linux-x86_64, r-release-linux-x86_64, r-release-macos-arm64, r-release-macos-x86_64, r-release-windows-x86_64, r-oldrel-macos-arm64, r-oldrel-macos-x86_64, r-oldrel-windows-ix86+x86_64