CRAN Package Check Results for Package BBmisc

Last updated on 2021-11-28 05:49:27 CET.

Flavor Version Tinstall Tcheck Ttotal Status Flags
r-devel-linux-x86_64-debian-clang 1.11 NOTE
r-devel-linux-x86_64-debian-gcc 1.11 4.70 35.05 39.75 NOTE
r-devel-linux-x86_64-fedora-clang 1.11 73.16 NOTE
r-devel-linux-x86_64-fedora-gcc 1.11 60.94 NOTE
r-devel-windows-x86_64-new-UL 1.11 27.00 103.00 130.00 NOTE
r-devel-windows-x86_64-new-TK 1.11 NOTE
r-devel-windows-x86_64-old 1.11 9.00 75.00 84.00 NOTE
r-patched-linux-x86_64 1.11 7.95 43.33 51.28 NOTE
r-patched-solaris-x86 1.11 96.40 NOTE
r-release-linux-x86_64 1.11 5.86 44.21 50.07 NOTE
r-release-macos-arm64 1.11 NOTE
r-release-macos-x86_64 1.11 NOTE
r-release-windows-ix86+x86_64 1.11 16.00 71.00 87.00 NOTE
r-oldrel-macos-x86_64 1.11 OK
r-oldrel-windows-ix86+x86_64 1.11 12.00 91.00 103.00 OK

Additional issues

rchk

Check Details

Version: 1.11
Check: LazyData
Result: NOTE
     'LazyData' is specified without a 'data' directory
Flavors: r-devel-linux-x86_64-debian-clang, r-devel-linux-x86_64-debian-gcc, r-devel-linux-x86_64-fedora-clang, r-devel-linux-x86_64-fedora-gcc, r-devel-windows-x86_64-new-UL, r-devel-windows-x86_64-new-TK, r-devel-windows-x86_64-old, r-patched-linux-x86_64, r-patched-solaris-x86, r-release-linux-x86_64, r-release-macos-arm64, r-release-macos-x86_64, r-release-windows-ix86+x86_64