CRAN Package Check Results for Package BCHM

Last updated on 2022-12-09 05:54:01 CET.

Flavor Version Tinstall Tcheck Ttotal Status Flags
r-devel-linux-x86_64-debian-clang 1.00 3.19 43.18 46.37 NOTE
r-devel-linux-x86_64-debian-gcc 1.00 2.33 35.07 37.40 NOTE
r-devel-linux-x86_64-fedora-clang 1.00 71.25 NOTE
r-devel-linux-x86_64-fedora-gcc 1.00 91.92 NOTE
r-devel-windows-x86_64 1.00 16.00 80.00 96.00 NOTE
r-patched-linux-x86_64 1.00 2.88 41.17 44.05 NOTE
r-release-linux-x86_64 1.00 3.61 53.18 56.79 NOTE
r-release-macos-arm64 1.00 30.00 NOTE
r-release-macos-x86_64 1.00 37.00 NOTE
r-release-windows-x86_64 1.00 14.00 86.00 100.00 NOTE
r-oldrel-macos-arm64 1.00 29.00 NOTE
r-oldrel-macos-x86_64 1.00 44.00 NOTE
r-oldrel-windows-ix86+x86_64 1.00 8.00 71.00 79.00 NOTE

Check Details

Version: 1.00
Check: LazyData
Result: NOTE
     'LazyData' is specified without a 'data' directory
Flavors: r-devel-linux-x86_64-debian-clang, r-devel-linux-x86_64-debian-gcc, r-devel-linux-x86_64-fedora-clang, r-devel-linux-x86_64-fedora-gcc, r-devel-windows-x86_64, r-patched-linux-x86_64, r-release-linux-x86_64, r-release-macos-arm64, r-release-macos-x86_64, r-release-windows-x86_64, r-oldrel-macos-arm64, r-oldrel-macos-x86_64, r-oldrel-windows-ix86+x86_64

Version: 1.00
Check: dependencies in R code
Result: NOTE
    Namespaces in Imports field not imported from:
     ‘coda’ ‘knitr’ ‘plyr’
     All declared Imports should be used.
Flavors: r-devel-linux-x86_64-fedora-clang, r-devel-linux-x86_64-fedora-gcc, r-release-macos-arm64, r-release-macos-x86_64, r-oldrel-macos-arm64, r-oldrel-macos-x86_64