CRAN Package Check Results for Package BCSub

Last updated on 2024-06-21 06:58:09 CEST.

Flavor Version Tinstall Tcheck Ttotal Status Flags
r-devel-linux-x86_64-debian-clang 0.5 41.63 48.99 90.62 NOTE
r-devel-linux-x86_64-debian-gcc 0.5 28.85 36.17 65.02 NOTE
r-devel-linux-x86_64-fedora-clang 0.5 124.29 NOTE
r-devel-linux-x86_64-fedora-gcc 0.5 167.64 NOTE
r-devel-windows-x86_64 0.5 35.00 92.00 127.00 NOTE
r-patched-linux-x86_64 0.5 28.86 46.98 75.84 NOTE
r-release-linux-x86_64 0.5 36.29 45.63 81.92 NOTE
r-release-macos-arm64 0.5 52.00 NOTE
r-release-macos-x86_64 0.5 86.00 NOTE
r-release-windows-x86_64 0.5 33.00 84.00 117.00 NOTE
r-oldrel-macos-arm64 0.5 58.00 NOTE
r-oldrel-macos-x86_64 0.5 83.00 NOTE
r-oldrel-windows-x86_64 0.5 43.00 83.00 126.00 NOTE

Check Details

Version: 0.5
Check: LazyData
Result: NOTE 'LazyData' is specified without a 'data' directory Flavors: r-devel-linux-x86_64-debian-clang, r-devel-linux-x86_64-debian-gcc, r-devel-linux-x86_64-fedora-clang, r-devel-linux-x86_64-fedora-gcc, r-devel-windows-x86_64, r-patched-linux-x86_64, r-release-linux-x86_64, r-release-macos-arm64, r-release-macos-x86_64, r-release-windows-x86_64, r-oldrel-macos-arm64, r-oldrel-macos-x86_64, r-oldrel-windows-x86_64