Last updated on 2022-08-12 05:52:42 CEST.
Flavor | Version | Tinstall | Tcheck | Ttotal | Status | Flags |
---|---|---|---|---|---|---|
r-devel-linux-x86_64-debian-clang | 1.3.0 | 172.95 | 735.58 | 908.53 | OK | |
r-devel-linux-x86_64-debian-gcc | 1.3.0 | 139.64 | 339.58 | 479.22 | OK | |
r-devel-linux-x86_64-fedora-clang | 1.3.0 | 962.77 | NOTE | |||
r-devel-linux-x86_64-fedora-gcc | 1.3.0 | 780.51 | NOTE | |||
r-devel-windows-x86_64 | 1.3.0 | 121.00 | 431.00 | 552.00 | OK | |
r-patched-linux-x86_64 | 1.3.0 | 142.53 | 459.08 | 601.61 | OK | |
r-release-linux-x86_64 | 1.3.0 | 141.81 | 464.05 | 605.86 | OK | |
r-release-macos-arm64 | 1.3.0 | 181.00 | NOTE | |||
r-release-macos-x86_64 | 1.3.0 | 242.00 | NOTE | |||
r-release-windows-x86_64 | 1.3.0 | 126.00 | 456.00 | 582.00 | OK | |
r-oldrel-macos-arm64 | 1.3.0 | 167.00 | NOTE | |||
r-oldrel-macos-x86_64 | 1.3.0 | 228.00 | NOTE | |||
r-oldrel-windows-ix86+x86_64 | 1.3.0 | 364.00 | 883.00 | 1247.00 | OK |
Version: 1.3.0
Check: installed package size
Result: NOTE
installed size is 11.0Mb
sub-directories of 1Mb or more:
libs 10.1Mb
Flavors: r-devel-linux-x86_64-fedora-clang, r-release-macos-arm64, r-release-macos-x86_64, r-oldrel-macos-arm64, r-oldrel-macos-x86_64
Version: 1.3.0
Check: dependencies in R code
Result: NOTE
Namespace in Imports field not imported from: ‘forecast’
All declared Imports should be used.
Flavors: r-devel-linux-x86_64-fedora-clang, r-devel-linux-x86_64-fedora-gcc, r-release-macos-arm64, r-release-macos-x86_64, r-oldrel-macos-arm64, r-oldrel-macos-x86_64