CRAN Package Check Results for Package BGVAR

Last updated on 2021-10-25 05:58:06 CEST.

Flavor Version Tinstall Tcheck Ttotal Status Flags
r-devel-linux-x86_64-debian-clang 2.4.0 112.84 288.66 401.50 NOTE
r-devel-linux-x86_64-debian-gcc 2.4.0 87.78 212.57 300.35 NOTE
r-devel-linux-x86_64-fedora-clang 2.4.0 529.06 NOTE
r-devel-linux-x86_64-fedora-gcc 2.4.0 511.40 NOTE
r-devel-windows-x86_64 2.4.0 153.00 353.00 506.00 NOTE
r-devel-windows-x86_64-gcc10-UCRT 2.4.0 NOTE
r-patched-linux-x86_64 2.4.0 104.79 281.67 386.46 NOTE
r-patched-solaris-x86 2.4.0 358.60 NOTE
r-release-linux-x86_64 2.4.0 102.38 276.46 378.84 NOTE
r-release-macos-arm64 2.3.1 NOTE
r-release-macos-x86_64 2.4.0 NOTE
r-release-windows-ix86+x86_64 2.4.0 198.00 392.00 590.00 NOTE
r-oldrel-macos-x86_64 2.4.0 NOTE
r-oldrel-windows-ix86+x86_64 2.4.0 203.00 313.00 516.00 NOTE

Check Details

Version: 2.4.0
Check: for GNU extensions in Makefiles
Result: NOTE
    GNU make is a SystemRequirements.
Flavors: r-devel-linux-x86_64-debian-clang, r-devel-linux-x86_64-debian-gcc, r-devel-linux-x86_64-fedora-clang, r-devel-linux-x86_64-fedora-gcc, r-devel-windows-x86_64, r-devel-windows-x86_64-gcc10-UCRT, r-patched-linux-x86_64, r-patched-solaris-x86, r-release-linux-x86_64, r-release-macos-x86_64, r-release-windows-ix86+x86_64, r-oldrel-macos-x86_64, r-oldrel-windows-ix86+x86_64

Version: 2.4.0
Check: installed package size
Result: NOTE
     installed size is 9.6Mb
     sub-directories of 1Mb or more:
     data 1.1Mb
     doc 2.5Mb
     libs 5.5Mb
Flavors: r-devel-linux-x86_64-fedora-clang, r-devel-windows-x86_64, r-release-macos-x86_64, r-release-windows-ix86+x86_64, r-oldrel-macos-x86_64, r-oldrel-windows-ix86+x86_64

Version: 2.3.1
Check: installed package size
Result: NOTE
     installed size is 11.9Mb
     sub-directories of 1Mb or more:
     data 1.5Mb
     doc 2.9Mb
     libs 7.1Mb
Flavor: r-release-macos-arm64

Version: 2.3.1
Check: for GNU extensions in Makefiles
Result: NOTE
    GNU make is a SystemRequirements.
Flavor: r-release-macos-arm64