CRAN Package Check Results for Package BGmisc

Last updated on 2024-06-13 06:57:55 CEST.

Flavor Version Tinstall Tcheck Ttotal Status Flags
r-devel-linux-x86_64-debian-clang 1.2.0 7.82 108.90 116.72 OK
r-devel-linux-x86_64-debian-gcc 1.2.0 0.46 1.70 2.16 ERROR
r-devel-linux-x86_64-fedora-clang 1.2.0 144.65 OK
r-devel-linux-x86_64-fedora-gcc 1.2.0 151.54 OK
r-devel-windows-x86_64 1.2.0 8.00 100.00 108.00 OK
r-patched-linux-x86_64 1.2.0 9.55 102.61 112.16 OK
r-release-linux-x86_64 1.2.0 6.76 103.87 110.63 OK
r-release-macos-arm64 1.2.0 51.00 OK
r-release-macos-x86_64 1.2.0 79.00 OK
r-release-windows-x86_64 1.2.0 8.00 104.00 112.00 OK
r-oldrel-macos-arm64 1.2.0 63.00 OK
r-oldrel-macos-x86_64 1.2.0 103.00 OK
r-oldrel-windows-x86_64 1.2.0 10.00 117.00 127.00 OK

Check Details

Version: 1.2.0
Check: package dependencies
Result: ERROR Package required but not available: ‘igraph’ Packages suggested but not available for checking: 'dplyr', 'testthat' See section ‘The DESCRIPTION file’ in the ‘Writing R Extensions’ manual. Flavor: r-devel-linux-x86_64-debian-gcc