CRAN Package Check Results for Package BH

Last updated on 2020-11-23 05:47:29 CET.

Flavor Version Tinstall Tcheck Ttotal Status Flags
r-devel-linux-x86_64-debian-clang 1.72.0-3 36.14 40.72 76.86 OK
r-devel-linux-x86_64-debian-gcc 1.72.0-3 18.13 31.80 49.93 OK
r-devel-linux-x86_64-fedora-clang 1.72.0-3 62.12 NOTE
r-devel-linux-x86_64-fedora-gcc 1.72.0-3 53.38 OK
r-devel-windows-ix86+x86_64 1.72.0-3 67.00 73.00 140.00 NOTE
r-patched-linux-x86_64 1.72.0-3 33.49 40.07 73.56 OK
r-patched-solaris-x86 1.72.0-3 170.60 NOTE
r-release-linux-x86_64 1.72.0-3 32.36 39.69 72.05 OK
r-release-macos-x86_64 1.72.0-3 NOTE
r-release-windows-ix86+x86_64 1.72.0-3 68.00 58.00 126.00 NOTE
r-oldrel-macos-x86_64 1.72.0-3 NOTE
r-oldrel-windows-ix86+x86_64 1.72.0-3 143.00 108.00 251.00 NOTE

Check Details

Version: 1.72.0-3
Check: installed package size
Result: NOTE
     installed size is 135.0Mb
     sub-directories of 1Mb or more:
     include 134.9Mb
Flavors: r-devel-linux-x86_64-fedora-clang, r-devel-windows-ix86+x86_64, r-patched-solaris-x86, r-release-macos-x86_64, r-release-windows-ix86+x86_64, r-oldrel-macos-x86_64, r-oldrel-windows-ix86+x86_64