CRAN Package Check Results for Package BLCOP

Last updated on 2024-06-20 06:57:08 CEST.

Flavor Version Tinstall Tcheck Ttotal Status Flags
r-devel-linux-x86_64-debian-clang 0.3.3 19.37 140.85 160.22 NOTE
r-devel-linux-x86_64-debian-gcc 0.3.3 12.38 102.30 114.68 NOTE
r-devel-linux-x86_64-fedora-clang 0.3.3 191.17 NOTE
r-devel-linux-x86_64-fedora-gcc 0.3.3 197.58 NOTE
r-devel-windows-x86_64 0.3.3 14.00 129.00 143.00 NOTE
r-patched-linux-x86_64 0.3.3 15.75 135.03 150.78 NOTE
r-release-linux-x86_64 0.3.3 10.98 133.87 144.85 NOTE
r-release-macos-arm64 0.3.3 60.00 NOTE
r-release-macos-x86_64 0.3.3 90.00 NOTE
r-release-windows-x86_64 0.3.3 14.00 120.00 134.00 NOTE
r-oldrel-macos-arm64 0.3.3 57.00 NOTE
r-oldrel-macos-x86_64 0.3.3 90.00 NOTE
r-oldrel-windows-x86_64 0.3.3 18.00 136.00 154.00 NOTE

Check Details

Version: 0.3.3
Check: Rd files
Result: NOTE checkRd: (-1) posteriorFeasibility.Rd:25: Escaped LaTeX specials: \# checkRd: (-1) sp500Returns.Rd:4: Escaped LaTeX specials: \& Flavors: r-devel-linux-x86_64-debian-clang, r-devel-linux-x86_64-debian-gcc, r-devel-linux-x86_64-fedora-clang, r-devel-linux-x86_64-fedora-gcc, r-devel-windows-x86_64, r-patched-linux-x86_64, r-release-linux-x86_64, r-release-macos-arm64, r-release-macos-x86_64, r-release-windows-x86_64, r-oldrel-macos-arm64, r-oldrel-macos-x86_64, r-oldrel-windows-x86_64

Version: 0.3.3
Check: dependencies in R code
Result: NOTE Namespaces in Imports field not imported from: ‘knitr’ ‘rmarkdown’ All declared Imports should be used. Flavors: r-devel-linux-x86_64-fedora-clang, r-devel-linux-x86_64-fedora-gcc