CRAN Package Check Results for Package BLRShiny

Last updated on 2019-08-18 05:46:10 CEST.

Flavor Version Tinstall Tcheck Ttotal Status Flags
r-devel-linux-x86_64-debian-clang 0.1.0 1.88 16.46 18.34 OK
r-devel-linux-x86_64-debian-gcc 0.1.0 1.80 13.36 15.16 OK
r-devel-linux-x86_64-fedora-clang 0.1.0 24.51 NOTE
r-devel-linux-x86_64-fedora-gcc 0.1.0 21.42 NOTE
r-devel-windows-ix86+x86_64 0.1.0 10.00 37.00 47.00 OK
r-patched-linux-x86_64 0.1.0 1.78 16.38 18.16 OK
r-patched-solaris-x86 0.1.0 38.10 NOTE
r-release-linux-x86_64 0.1.0 1.54 16.19 17.73 OK
r-release-windows-ix86+x86_64 0.1.0 6.00 41.00 47.00 OK
r-release-osx-x86_64 0.1.0 NOTE
r-oldrel-windows-ix86+x86_64 0.1.0 6.00 29.00 35.00 OK
r-oldrel-osx-x86_64 0.1.0 NOTE

Check Details

Version: 0.1.0
Check: dependencies in R code
Result: NOTE
    Namespaces in Imports field not imported from:
     ‘caret’ ‘datasets’ ‘dplyr’ ‘e1071’ ‘ggplot2’ ‘rhandsontable’ ‘shiny’
     All declared Imports should be used.
Flavors: r-devel-linux-x86_64-fedora-clang, r-devel-linux-x86_64-fedora-gcc, r-patched-solaris-x86, r-release-osx-x86_64, r-oldrel-osx-x86_64