CRAN Package Check Results for Package BNPmix

Last updated on 2019-12-15 05:47:33 CET.

Flavor Version Tinstall Tcheck Ttotal Status Flags
r-devel-linux-x86_64-debian-clang 0.2.5 227.71 52.68 280.39 OK
r-devel-linux-x86_64-debian-gcc 0.2.5 160.22 39.85 200.07 OK
r-devel-linux-x86_64-fedora-clang 0.2.5 414.81 NOTE
r-devel-linux-x86_64-fedora-gcc 0.2.5 367.90 OK
r-devel-windows-ix86+x86_64 0.2.5 487.00 155.00 642.00 OK
r-devel-windows-ix86+x86_64-gcc8 0.2.5 383.00 108.00 491.00 OK
r-patched-linux-x86_64 0.2.5 177.62 46.70 224.32 OK
r-patched-solaris-x86 0.2.5 327.60 OK
r-release-linux-x86_64 0.2.5 175.20 47.21 222.41 OK
r-release-windows-ix86+x86_64 0.2.5 382.00 90.00 472.00 OK
r-release-osx-x86_64 0.2.5 NOTE
r-oldrel-windows-ix86+x86_64 0.2.5 382.00 91.00 473.00 OK
r-oldrel-osx-x86_64 0.2.5 NOTE

Check Details

Version: 0.2.5
Check: installed package size
Result: NOTE
     installed size is 15.6Mb
     sub-directories of 1Mb or more:
     libs 15.3Mb
Flavors: r-devel-linux-x86_64-fedora-clang, r-release-osx-x86_64, r-oldrel-osx-x86_64