CRAN Package Check Results for Package BNPmix

Last updated on 2019-08-19 05:46:19 CEST.

Flavor Version Tinstall Tcheck Ttotal Status Flags
r-devel-linux-x86_64-debian-clang 0.2.2 194.41 44.76 239.17 OK
r-devel-linux-x86_64-debian-gcc 0.2.2 156.01 34.96 190.97 OK
r-devel-linux-x86_64-fedora-clang 0.2.2 378.39 NOTE
r-devel-linux-x86_64-fedora-gcc 0.2.2 350.88 OK
r-devel-windows-ix86+x86_64 0.2.2 489.00 115.00 604.00 OK
r-patched-linux-x86_64 0.2.2 171.23 42.93 214.16 OK
r-patched-solaris-x86 0.2.2 295.50 OK
r-release-linux-x86_64 0.2.2 171.70 43.16 214.86 OK
r-release-windows-ix86+x86_64 0.2.2 360.00 84.00 444.00 OK
r-release-osx-x86_64 0.2.2 NOTE
r-oldrel-windows-ix86+x86_64 0.2.2 482.00 91.00 573.00 OK
r-oldrel-osx-x86_64 0.2.2 NOTE

Additional issues

LTO

Check Details

Version: 0.2.2
Check: installed package size
Result: NOTE
     installed size is 14.9Mb
     sub-directories of 1Mb or more:
     libs 14.6Mb
Flavors: r-devel-linux-x86_64-fedora-clang, r-release-osx-x86_64, r-oldrel-osx-x86_64