CRAN Package Check Results for Package BOSSreg

Last updated on 2024-06-17 06:50:12 CEST.

Flavor Version Tinstall Tcheck Ttotal Status Flags
r-devel-linux-x86_64-debian-clang 0.2.0 37.00 53.52 90.52 NOTE
r-devel-linux-x86_64-debian-gcc 0.2.0 23.73 40.77 64.50 NOTE
r-devel-linux-x86_64-fedora-clang 0.2.0 120.16 NOTE
r-devel-linux-x86_64-fedora-gcc 0.2.0 131.40 NOTE
r-devel-windows-x86_64 0.2.0 30.00 105.00 135.00 NOTE
r-patched-linux-x86_64 0.2.0 28.37 52.55 80.92 NOTE
r-release-linux-x86_64 0.2.0 29.84 51.56 81.40 NOTE
r-release-macos-arm64 0.2.0 42.00 NOTE
r-release-macos-x86_64 0.2.0 86.00 NOTE
r-release-windows-x86_64 0.2.0 27.00 116.00 143.00 NOTE
r-oldrel-macos-arm64 0.2.0 47.00 NOTE
r-oldrel-macos-x86_64 0.2.0 59.00 NOTE
r-oldrel-windows-x86_64 0.2.0 34.00 108.00 142.00 NOTE

Check Details

Version: 0.2.0
Check: C++ specification
Result: NOTE Specified C++11: please drop specification unless essential Flavors: r-devel-linux-x86_64-debian-clang, r-devel-linux-x86_64-debian-gcc, r-devel-linux-x86_64-fedora-clang, r-devel-linux-x86_64-fedora-gcc, r-devel-windows-x86_64, r-patched-linux-x86_64, r-release-linux-x86_64, r-release-macos-arm64, r-release-macos-x86_64, r-release-windows-x86_64, r-oldrel-macos-arm64, r-oldrel-macos-x86_64, r-oldrel-windows-x86_64

Version: 0.2.0
Check: LazyData
Result: NOTE 'LazyData' is specified without a 'data' directory Flavors: r-devel-linux-x86_64-debian-clang, r-devel-linux-x86_64-debian-gcc, r-devel-linux-x86_64-fedora-clang, r-devel-linux-x86_64-fedora-gcc, r-devel-windows-x86_64, r-patched-linux-x86_64, r-release-linux-x86_64, r-release-macos-arm64, r-release-macos-x86_64, r-release-windows-x86_64, r-oldrel-macos-arm64, r-oldrel-macos-x86_64, r-oldrel-windows-x86_64

Version: 0.2.0
Check: package dependencies
Result: NOTE Package suggested but not available for checking: ‘sparsenet’ Flavor: r-oldrel-macos-x86_64