CRAN Package Check Results for Package BTYD

Last updated on 2024-06-17 06:50:12 CEST.

Flavor Version Tinstall Tcheck Ttotal Status Flags
r-devel-linux-x86_64-debian-clang 2.4.3 12.98 232.69 245.67 OK
r-devel-linux-x86_64-debian-gcc 2.4.3 12.34 165.55 177.89 OK
r-devel-linux-x86_64-fedora-clang 2.4.3 304.32 OK
r-devel-linux-x86_64-fedora-gcc 2.4.3 306.80 OK
r-devel-windows-x86_64 2.4.3 14.00 225.00 239.00 OK
r-patched-linux-x86_64 2.4.3 11.55 222.07 233.62 OK
r-release-linux-x86_64 2.4.3 10.32 224.41 234.73 OK
r-release-macos-arm64 2.4.3 85.00 OK
r-release-macos-x86_64 2.4.3 127.00 WARN
r-release-windows-x86_64 2.4.3 14.00 249.00 263.00 OK
r-oldrel-macos-arm64 2.4.3 99.00 OK
r-oldrel-macos-x86_64 2.4.3 160.00 OK
r-oldrel-windows-x86_64 2.4.3 19.00 260.00 279.00 OK

Check Details

Version: 2.4.3
Check: re-building of vignette outputs
Result: WARN Error(s) in re-building vignettes: ... --- re-building ‘BTYD-walkthrough.Rnw’ using knitr Error: processing vignette 'BTYD-walkthrough.Rnw' failed with diagnostics: Running 'texi2dvi' on 'BTYD-walkthrough.tex' failed. LaTeX errors: ! Undefined control sequence. l.167 \hldef {cdnowElog} \hlkwb{<-} \hlkwd{system.file}\hldef{(}\hlsng{"data/... ? ! Emergency stop. l.167 End of file on the terminal! ! ==> Fatal error occurred, no output PDF file produced! --- failed re-building ‘BTYD-walkthrough.Rnw’ SUMMARY: processing the following file failed: ‘BTYD-walkthrough.Rnw’ Error: Vignette re-building failed. Execution halted Flavor: r-release-macos-x86_64