Last updated on 2019-12-15 05:47:32 CET.
Flavor | Version | Tinstall | Tcheck | Ttotal | Status | Flags |
---|---|---|---|---|---|---|
r-devel-linux-x86_64-debian-clang | 1.0.1 | 11.27 | 129.77 | 141.04 | OK | |
r-devel-linux-x86_64-debian-gcc | 1.0.1 | 11.90 | 95.17 | 107.07 | OK | |
r-devel-linux-x86_64-fedora-clang | 1.0.1 | 164.46 | NOTE | |||
r-devel-linux-x86_64-fedora-gcc | 1.0.1 | 161.78 | NOTE | |||
r-devel-windows-ix86+x86_64 | 1.0.1 | 24.00 | 139.00 | 163.00 | NOTE | |
r-devel-windows-ix86+x86_64-gcc8 | 1.0.1 | 33.00 | 148.00 | 181.00 | NOTE | |
r-patched-linux-x86_64 | 1.0.1 | 11.25 | 115.76 | 127.01 | OK | |
r-patched-solaris-x86 | 1.0.1 | 208.80 | NOTE | |||
r-release-linux-x86_64 | 1.0.1 | 10.01 | 115.11 | 125.12 | OK | |
r-release-windows-ix86+x86_64 | 1.0.1 | 21.00 | 130.00 | 151.00 | NOTE | |
r-release-osx-x86_64 | 1.0.1 | NOTE | ||||
r-oldrel-windows-ix86+x86_64 | 1.0.1 | 17.00 | 134.00 | 151.00 | NOTE | |
r-oldrel-osx-x86_64 | 1.0.1 | NOTE |
Version: 1.0.1
Check: installed package size
Result: NOTE
installed size is 5.5Mb
sub-directories of 1Mb or more:
data 4.6Mb
Flavors: r-devel-linux-x86_64-fedora-clang, r-devel-windows-ix86+x86_64, r-devel-windows-ix86+x86_64-gcc8, r-patched-solaris-x86, r-release-windows-ix86+x86_64, r-release-osx-x86_64, r-oldrel-windows-ix86+x86_64, r-oldrel-osx-x86_64
Version: 1.0.1
Check: dependencies in R code
Result: NOTE
Namespaces in Imports field not imported from:
‘devtools’ ‘docopt’
All declared Imports should be used.
Flavors: r-devel-linux-x86_64-fedora-clang, r-devel-linux-x86_64-fedora-gcc, r-patched-solaris-x86, r-release-osx-x86_64, r-oldrel-osx-x86_64