CRAN Package Check Results for Package BaMORC

Last updated on 2019-08-19 05:46:18 CEST.

Flavor Version Tinstall Tcheck Ttotal Status Flags
r-devel-linux-x86_64-debian-clang 1.0.1 10.95 118.80 129.75 OK
r-devel-linux-x86_64-debian-gcc 1.0.1 10.11 87.95 98.06 OK
r-devel-linux-x86_64-fedora-clang 1.0.1 150.34 NOTE
r-devel-linux-x86_64-fedora-gcc 1.0.1 151.94 NOTE
r-devel-windows-ix86+x86_64 1.0.1 31.00 186.00 217.00 NOTE
r-patched-linux-x86_64 1.0.1 10.57 113.28 123.85 OK
r-patched-solaris-x86 1.0.1 217.90 NOTE
r-release-linux-x86_64 1.0.1 11.05 115.09 126.14 OK
r-release-windows-ix86+x86_64 1.0.1 21.00 126.00 147.00 NOTE
r-release-osx-x86_64 1.0.1 NOTE
r-oldrel-windows-ix86+x86_64 1.0.1 21.00 180.00 201.00 NOTE
r-oldrel-osx-x86_64 1.0.1 NOTE

Check Details

Version: 1.0.1
Check: installed package size
Result: NOTE
     installed size is 5.5Mb
     sub-directories of 1Mb or more:
     data 4.6Mb
Flavors: r-devel-linux-x86_64-fedora-clang, r-devel-windows-ix86+x86_64, r-patched-solaris-x86, r-release-windows-ix86+x86_64, r-release-osx-x86_64, r-oldrel-windows-ix86+x86_64, r-oldrel-osx-x86_64

Version: 1.0.1
Check: dependencies in R code
Result: NOTE
    Namespaces in Imports field not imported from:
     ‘devtools’ ‘docopt’
     All declared Imports should be used.
Flavors: r-devel-linux-x86_64-fedora-clang, r-devel-linux-x86_64-fedora-gcc, r-patched-solaris-x86, r-release-osx-x86_64, r-oldrel-osx-x86_64