CRAN Package Check Results for Package Barycenter

Last updated on 2019-12-09 05:47:06 CET.

Flavor Version Tinstall Tcheck Ttotal Status Flags
r-devel-linux-x86_64-debian-clang 1.3.1 64.26 29.85 94.11 OK
r-devel-linux-x86_64-debian-gcc 1.3.1 41.93 23.33 65.26 OK
r-devel-linux-x86_64-fedora-clang 1.3.1 126.64 NOTE
r-devel-linux-x86_64-fedora-gcc 1.3.1 116.26 OK
r-devel-windows-ix86+x86_64 1.3.1 121.00 69.00 190.00 OK
r-devel-windows-ix86+x86_64-gcc8 1.3.1 124.00 67.00 191.00 NOTE
r-patched-linux-x86_64 1.3.1 47.80 28.34 76.14 OK
r-patched-solaris-x86 1.3.1 131.70 OK
r-release-linux-x86_64 1.3.1 46.67 28.18 74.85 OK
r-release-windows-ix86+x86_64 1.3.1 125.00 72.00 197.00 OK
r-release-osx-x86_64 1.3.1 NOTE
r-oldrel-windows-ix86+x86_64 1.3.1 87.00 98.00 185.00 OK
r-oldrel-osx-x86_64 1.3.1 NOTE

Check Details

Version: 1.3.1
Check: installed package size
Result: NOTE
     installed size is 5.9Mb
     sub-directories of 1Mb or more:
     data 2.8Mb
     libs 2.9Mb
Flavors: r-devel-linux-x86_64-fedora-clang, r-devel-windows-ix86+x86_64-gcc8, r-release-osx-x86_64, r-oldrel-osx-x86_64