CRAN Package Check Results for Package Barycenter

Last updated on 2019-08-19 05:46:19 CEST.

Flavor Version Tinstall Tcheck Ttotal Status Flags
r-devel-linux-x86_64-debian-clang 1.3.1 51.12 29.06 80.18 OK
r-devel-linux-x86_64-debian-gcc 1.3.1 41.28 23.30 64.58 OK
r-devel-linux-x86_64-fedora-clang 1.3.1 122.79 NOTE
r-devel-linux-x86_64-fedora-gcc 1.3.1 116.33 OK
r-devel-windows-ix86+x86_64 1.3.1 127.00 97.00 224.00 OK
r-patched-linux-x86_64 1.3.1 47.48 29.38 76.86 OK
r-patched-solaris-x86 1.3.1 140.30 OK
r-release-linux-x86_64 1.3.1 50.46 29.14 79.60 OK
r-release-windows-ix86+x86_64 1.3.1 90.00 66.00 156.00 OK
r-release-osx-x86_64 1.3.1 NOTE
r-oldrel-windows-ix86+x86_64 1.3.1 117.00 85.00 202.00 OK
r-oldrel-osx-x86_64 1.3.1 NOTE

Check Details

Version: 1.3.1
Check: installed package size
Result: NOTE
     installed size is 5.8Mb
     sub-directories of 1Mb or more:
     data 2.8Mb
     libs 2.9Mb
Flavors: r-devel-linux-x86_64-fedora-clang, r-release-osx-x86_64, r-oldrel-osx-x86_64