CRAN Package Check Results for Package BayesESS

Last updated on 2019-08-18 05:46:09 CEST.

Flavor Version Tinstall Tcheck Ttotal Status Flags
r-devel-linux-x86_64-debian-clang 0.1.12 40.15 61.83 101.98 OK
r-devel-linux-x86_64-debian-gcc 0.1.12 35.32 50.42 85.74 OK
r-devel-linux-x86_64-fedora-clang 0.1.12 150.51 NOTE
r-devel-linux-x86_64-fedora-gcc 0.1.12 138.54 NOTE
r-devel-windows-ix86+x86_64 0.1.12 114.00 136.00 250.00 OK
r-patched-linux-x86_64 0.1.12 40.08 62.22 102.30 OK
r-patched-solaris-x86 0.1.12 187.20 NOTE
r-release-linux-x86_64 0.1.12 35.28 62.26 97.54 OK
r-release-windows-ix86+x86_64 0.1.12 122.00 135.00 257.00 OK
r-release-osx-x86_64 0.1.12 NOTE
r-oldrel-windows-ix86+x86_64 0.1.12 113.00 138.00 251.00 OK
r-oldrel-osx-x86_64 0.1.12 NOTE

Check Details

Version: 0.1.12
Check: dependencies in R code
Result: NOTE
    Namespaces in Imports field not imported from:
     ‘MASS’ ‘MatrixModels’
     All declared Imports should be used.
Flavors: r-devel-linux-x86_64-fedora-clang, r-devel-linux-x86_64-fedora-gcc, r-patched-solaris-x86, r-release-osx-x86_64, r-oldrel-osx-x86_64