Last updated on 2019-12-15 05:47:32 CET.
Flavor | Version | Tinstall | Tcheck | Ttotal | Status | Flags |
---|---|---|---|---|---|---|
r-devel-linux-x86_64-debian-clang | 0.1.19 | 51.99 | 69.53 | 121.52 | OK | |
r-devel-linux-x86_64-debian-gcc | 0.1.19 | 35.99 | 55.62 | 91.61 | OK | |
r-devel-linux-x86_64-fedora-clang | 0.1.19 | 164.72 | NOTE | |||
r-devel-linux-x86_64-fedora-gcc | 0.1.19 | 150.73 | NOTE | |||
r-devel-windows-ix86+x86_64 | 0.1.19 | 96.00 | 101.00 | 197.00 | OK | |
r-devel-windows-ix86+x86_64-gcc8 | 0.1.19 | 101.00 | 112.00 | 213.00 | OK | |
r-patched-linux-x86_64 | 0.1.19 | 39.15 | 62.65 | 101.80 | OK | |
r-patched-solaris-x86 | 0.1.19 | 181.70 | NOTE | |||
r-release-linux-x86_64 | 0.1.19 | 40.73 | 62.91 | 103.64 | OK | |
r-release-windows-ix86+x86_64 | 0.1.19 | 90.00 | 97.00 | 187.00 | OK | |
r-release-osx-x86_64 | 0.1.19 | NOTE | ||||
r-oldrel-windows-ix86+x86_64 | 0.1.19 | 75.00 | 99.00 | 174.00 | OK | |
r-oldrel-osx-x86_64 | 0.1.19 | NOTE |
Version: 0.1.19
Check: dependencies in R code
Result: NOTE
Namespaces in Imports field not imported from:
‘MASS’ ‘MatrixModels’
All declared Imports should be used.
Flavors: r-devel-linux-x86_64-fedora-clang, r-devel-linux-x86_64-fedora-gcc, r-patched-solaris-x86, r-release-osx-x86_64, r-oldrel-osx-x86_64