CRAN Package Check Results for Package BayesLN

Last updated on 2022-01-25 05:54:36 CET.

Flavor Version Tinstall Tcheck Ttotal Status Flags
r-devel-linux-x86_64-debian-clang 0.2.2 44.91 96.82 141.73 OK
r-devel-linux-x86_64-debian-gcc 0.2.2 40.33 88.61 128.94 OK
r-devel-linux-x86_64-fedora-clang 0.2.2 195.61 NOTE
r-devel-linux-x86_64-fedora-gcc 0.2.2 182.74 OK
r-devel-windows-x86_64-new-UL 0.2.2 78.00 144.00 222.00 OK
r-devel-windows-x86_64-new-TK 0.2.2 ERROR
r-patched-linux-x86_64 0.2.2 46.65 93.20 139.85 OK
r-release-linux-x86_64 0.2.2 39.00 92.46 131.46 OK
r-release-macos-arm64 0.2.2 NOTE
r-release-macos-x86_64 0.2.2 NOTE
r-release-windows-ix86+x86_64 0.2.2 106.00 152.00 258.00 OK
r-oldrel-macos-x86_64 0.2.2 NOTE
r-oldrel-windows-ix86+x86_64 0.2.2 107.00 151.00 258.00 OK

Check Details

Version: 0.2.2
Check: installed package size
Result: NOTE
     installed size is 9.8Mb
     sub-directories of 1Mb or more:
     libs 9.4Mb
Flavors: r-devel-linux-x86_64-fedora-clang, r-release-macos-arm64, r-release-macos-x86_64, r-oldrel-macos-x86_64

Version: 0.2.2
Check: package dependencies
Result: ERROR
    Package required but not available: 'lme4'
    
    See section 'The DESCRIPTION file' in the 'Writing R Extensions'
    manual.
Flavor: r-devel-windows-x86_64-new-TK