CRAN Package Check Results for Package BayesProject

Last updated on 2022-01-22 05:10:10 CET.

Flavor Version Tinstall Tcheck Ttotal Status Flags
r-devel-linux-x86_64-debian-clang 1.0 33.79 39.24 73.03 OK
r-devel-linux-x86_64-debian-gcc 1.0 22.35 31.27 53.62 OK
r-devel-linux-x86_64-fedora-clang 1.0 104.14 NOTE
r-devel-linux-x86_64-fedora-gcc 1.0 81.08 OK
r-devel-windows-x86_64-new-UL 1.0 48.00 77.00 125.00 OK
r-devel-windows-x86_64-new-TK 1.0 OK
r-patched-linux-x86_64 1.0 30.59 39.21 69.80 OK
r-release-linux-x86_64 1.0 24.53 38.76 63.29 OK
r-release-macos-arm64 1.0 NOTE
r-release-macos-x86_64 1.0 NOTE
r-release-windows-ix86+x86_64 1.0 71.00 75.00 146.00 OK
r-oldrel-macos-x86_64 1.0 NOTE
r-oldrel-windows-ix86+x86_64 1.0 73.00 80.00 153.00 OK

Check Details

Version: 1.0
Check: installed package size
Result: NOTE
     installed size is 7.0Mb
     sub-directories of 1Mb or more:
     libs 6.9Mb
Flavors: r-devel-linux-x86_64-fedora-clang, r-release-macos-arm64, r-release-macos-x86_64, r-oldrel-macos-x86_64