CRAN Package Check Results for Package BayesRS

Last updated on 2024-06-13 06:57:55 CEST.

Flavor Version Tinstall Tcheck Ttotal Status Flags
r-devel-linux-x86_64-debian-clang 0.1.3 9.07 74.59 83.66 OK
r-devel-linux-x86_64-debian-gcc 0.1.3 0.36 1.72 2.08 ERROR
r-devel-linux-x86_64-fedora-clang 0.1.3 106.06 OK
r-devel-linux-x86_64-fedora-gcc 0.1.3 113.71 OK
r-devel-windows-x86_64 0.1.3 9.00 70.00 79.00 OK
r-patched-linux-x86_64 0.1.3 10.15 71.67 81.82 OK
r-release-linux-x86_64 0.1.3 7.13 70.13 77.26 OK
r-release-macos-arm64 0.1.3 37.00 OK
r-release-macos-x86_64 0.1.3 56.00 OK
r-release-windows-x86_64 0.1.3 10.00 76.00 86.00 OK
r-oldrel-macos-arm64 0.1.3 36.00 OK
r-oldrel-macos-x86_64 0.1.3 60.00 OK
r-oldrel-windows-x86_64 0.1.3 11.00 78.00 89.00 OK

Check Details

Version: 0.1.3
Check: package dependencies
Result: ERROR Package required but not available: ‘ggplot2’ Package suggested but not available for checking: ‘testthat’ See section ‘The DESCRIPTION file’ in the ‘Writing R Extensions’ manual. Flavor: r-devel-linux-x86_64-debian-gcc