Last updated on 2022-08-12 05:52:42 CEST.
Flavor | Version | Tinstall | Tcheck | Ttotal | Status | Flags |
---|---|---|---|---|---|---|
r-devel-linux-x86_64-debian-clang | 0.1.4 | 53.63 | 127.43 | 181.06 | OK | |
r-devel-linux-x86_64-debian-gcc | 0.1.4 | 45.02 | 94.13 | 139.15 | OK | |
r-devel-linux-x86_64-fedora-clang | 0.1.4 | 261.42 | NOTE | |||
r-devel-linux-x86_64-fedora-gcc | 0.1.4 | 242.75 | NOTE | |||
r-devel-windows-x86_64 | 0.1.4 | 54.00 | 166.00 | 220.00 | OK | |
r-patched-linux-x86_64 | 0.1.4 | 51.46 | 121.90 | 173.36 | OK | |
r-release-linux-x86_64 | 0.1.4 | 52.51 | 123.06 | 175.57 | OK | |
r-release-macos-arm64 | 0.1.4 | 59.00 | NOTE | |||
r-release-macos-x86_64 | 0.1.4 | 125.00 | NOTE | |||
r-release-windows-x86_64 | 0.1.4 | 78.00 | 170.00 | 248.00 | OK | |
r-oldrel-macos-arm64 | 0.1.4 | 46.00 | NOTE | |||
r-oldrel-macos-x86_64 | 0.1.4 | 79.00 | NOTE | |||
r-oldrel-windows-ix86+x86_64 | 0.1.4 | 138.00 | 199.00 | 337.00 | OK |
Version: 0.1.4
Check: dependencies in R code
Result: NOTE
Namespace in Imports field not imported from: ‘Rcpp’
All declared Imports should be used.
Flavors: r-devel-linux-x86_64-fedora-clang, r-devel-linux-x86_64-fedora-gcc, r-release-macos-arm64, r-release-macos-x86_64, r-oldrel-macos-arm64, r-oldrel-macos-x86_64