CRAN Package Check Results for Package BiDimRegression

Last updated on 2022-01-24 05:51:43 CET.

Flavor Version Tinstall Tcheck Ttotal Status Flags
r-devel-linux-x86_64-debian-clang 2.0.0 3.79 45.16 48.95 NOTE
r-devel-linux-x86_64-debian-gcc 2.0.0 3.22 34.26 37.48 NOTE
r-devel-linux-x86_64-fedora-clang 2.0.0 60.18 NOTE
r-devel-linux-x86_64-fedora-gcc 2.0.0 47.65 NOTE
r-devel-windows-x86_64-new-UL 2.0.0 101.00 65.00 166.00 OK
r-devel-windows-x86_64-new-TK 2.0.0 OK
r-patched-linux-x86_64 2.0.0 4.12 41.58 45.70 NOTE
r-release-linux-x86_64 2.0.0 3.72 41.65 45.37 NOTE
r-release-macos-arm64 2.0.0 OK
r-release-macos-x86_64 2.0.0 OK
r-release-windows-ix86+x86_64 2.0.0 7.00 54.00 61.00 OK
r-oldrel-macos-x86_64 2.0.0 OK
r-oldrel-windows-ix86+x86_64 2.0.0 7.00 51.00 58.00 OK

Check Details

Version: 2.0.0
Check: for non-standard things in the check directory
Result: NOTE
    Found the following files/directories:
     'BiDimRegrOutput.txt'
Flavors: r-devel-linux-x86_64-debian-clang, r-devel-linux-x86_64-debian-gcc, r-devel-linux-x86_64-fedora-clang, r-devel-linux-x86_64-fedora-gcc, r-patched-linux-x86_64, r-release-linux-x86_64