CRAN Package Check Results for Package BinaryEPPM

Last updated on 2022-01-22 05:10:10 CET.

Flavor Version Tinstall Tcheck Ttotal Status Flags
r-devel-linux-x86_64-debian-clang 2.3 9.47 91.48 100.95 OK
r-devel-linux-x86_64-debian-gcc 2.3 9.48 69.85 79.33 OK
r-devel-linux-x86_64-fedora-clang 2.3 125.81 NOTE
r-devel-linux-x86_64-fedora-gcc 2.3 113.66 OK
r-devel-windows-x86_64-new-UL 2.3 72.00 116.00 188.00 OK
r-devel-windows-x86_64-new-TK 2.3 OK
r-patched-linux-x86_64 2.3 10.35 90.19 100.54 OK
r-release-linux-x86_64 2.3 12.50 90.13 102.63 OK
r-release-macos-arm64 2.3 OK
r-release-macos-x86_64 2.3 OK
r-release-windows-ix86+x86_64 2.3 21.00 110.00 131.00 OK
r-oldrel-macos-x86_64 2.3 OK
r-oldrel-windows-ix86+x86_64 2.3 24.00 112.00 136.00 OK

Check Details

Version: 2.3
Check: Rd cross-references
Result: NOTE
    Undeclared packages ‘CountsEPPM’, ‘betareg’ in Rd xrefs
Flavor: r-devel-linux-x86_64-fedora-clang