CRAN Package Check Results for Package BioMedR

Last updated on 2019-09-19 05:47:13 CEST.

Flavor Version Tinstall Tcheck Ttotal Status Flags
r-devel-linux-x86_64-debian-clang 1.2.1 26.87 285.74 312.61 OK
r-devel-linux-x86_64-debian-gcc 1.2.1 24.29 220.20 244.49 OK
r-devel-linux-x86_64-fedora-clang 1.2.1 403.83 OK
r-devel-linux-x86_64-fedora-gcc 1.2.1 358.46 OK
r-devel-windows-ix86+x86_64 1.2.1 49.00 5.00 54.00 ERROR
r-patched-linux-x86_64 1.2.1 26.10 271.41 297.51 OK
r-release-linux-x86_64 1.2.1 25.50 275.38 300.88 OK
r-release-windows-ix86+x86_64 1.2.1 56.00 436.00 492.00 OK
r-release-osx-x86_64 1.2.1 ERROR
r-oldrel-windows-ix86+x86_64 1.2.1 38.00 242.00 280.00 OK
r-oldrel-osx-x86_64 1.2.1 ERROR

Check Details

Version: 1.2.1
Check: whether package can be installed
Result: ERROR
    Installation failed.
Flavor: r-devel-windows-ix86+x86_64

Version: 1.2.1
Check: package dependencies
Result: ERROR
    Packages required but not available:
     'Biostrings', 'GOSemSim', 'ChemmineR', 'fmcsR', 'org.Hs.eg.db'
    
    Package suggested but not available for checking: ‘BiocGenerics’
    
    See section ‘The DESCRIPTION file’ in the ‘Writing R Extensions’
    manual.
Flavor: r-release-osx-x86_64

Version: 1.2.1
Check: package dependencies
Result: ERROR
    Packages required but not available: ‘ChemmineR’ ‘fmcsR’
    
    See section ‘The DESCRIPTION file’ in the ‘Writing R Extensions’
    manual.
Flavor: r-oldrel-osx-x86_64