CRAN Package Check Results for Package BioMedR

Last updated on 2020-02-27 05:48:40 CET.

Flavor Version Tinstall Tcheck Ttotal Status Flags
r-devel-linux-x86_64-debian-clang 1.2.1 29.45 312.11 341.56 OK
r-devel-linux-x86_64-debian-gcc 1.2.1 27.18 236.02 263.20 OK
r-devel-linux-x86_64-fedora-clang 1.2.1 431.09 WARN
r-devel-linux-x86_64-fedora-gcc 1.2.1 387.29 OK
r-devel-windows-ix86+x86_64 1.2.1 55.00 330.00 385.00 OK
r-devel-windows-ix86+x86_64-gcc8 1.2.1 56.00 333.00 389.00 OK
r-patched-linux-x86_64 1.2.1 27.46 280.24 307.70 OK
r-release-linux-x86_64 1.2.1 28.29 277.93 306.22 OK
r-release-windows-ix86+x86_64 1.2.1 48.00 282.00 330.00 OK
r-release-osx-x86_64 1.2.1 ERROR
r-oldrel-windows-ix86+x86_64 1.2.1 32.00 248.00 280.00 OK
r-oldrel-osx-x86_64 1.2.1 ERROR

Check Details

Version: 1.2.1
Check: package dependencies
Result: WARN
    Requires orphaned package: ‘rcdk’
Flavor: r-devel-linux-x86_64-fedora-clang

Version: 1.2.1
Check: package dependencies
Result: ERROR
    Packages required but not available: 'ChemmineR', 'fmcsR', 'org.Hs.eg.db'
    
    See section ‘The DESCRIPTION file’ in the ‘Writing R Extensions’
    manual.
Flavor: r-release-osx-x86_64

Version: 1.2.1
Check: package dependencies
Result: ERROR
    Packages required but not available: ‘ChemmineR’ ‘fmcsR’
    
    See section ‘The DESCRIPTION file’ in the ‘Writing R Extensions’
    manual.
Flavor: r-oldrel-osx-x86_64