CRAN Package Check Results for Package Biodem

Last updated on 2019-03-24 05:46:33 CET.

Flavor Version Tinstall Tcheck Ttotal Status Flags
r-devel-linux-x86_64-debian-clang 0.4 1.70 23.87 25.57 OK
r-devel-linux-x86_64-debian-gcc 0.4 1.72 19.99 21.71 OK
r-devel-linux-x86_64-fedora-clang 0.4 33.29 OK
r-devel-linux-x86_64-fedora-gcc 0.4 31.30 OK
r-devel-windows-ix86+x86_64 0.4 7.00 51.00 58.00 OK
r-patched-linux-x86_64 0.4 1.46 21.79 23.25 OK
r-patched-solaris-x86 0.4 43.00 OK
r-release-linux-x86_64 0.4 0.31 1.96 2.27 ERROR
r-release-windows-ix86+x86_64 0.4 3.00 32.00 35.00 OK
r-release-osx-x86_64 0.4 OK
r-oldrel-windows-ix86+x86_64 0.4 3.00 35.00 38.00 OK
r-oldrel-osx-x86_64 0.4 OK

Check Details

Version: 0.4
Check: whether package can be installed
Result: ERROR
    Installation failed.
Flavor: r-release-linux-x86_64