CRAN Package Check Results for Package Biolinv

Last updated on 2022-01-26 05:54:09 CET.

Flavor Version Tinstall Tcheck Ttotal Status Flags
r-devel-linux-x86_64-debian-clang 0.1-3 43.85 335.91 379.76 OK
r-devel-linux-x86_64-debian-gcc 0.1-3 30.23 248.85 279.08 OK
r-devel-linux-x86_64-fedora-clang 0.1-3 411.33 NOTE
r-devel-linux-x86_64-fedora-gcc 0.1-3 432.70 NOTE
r-devel-windows-x86_64-new-UL 0.1-3 55.00 319.00 374.00 OK
r-devel-windows-x86_64-new-TK 0.1-3 NOTE
r-patched-linux-x86_64 0.1-3 31.16 296.97 328.13 OK
r-release-linux-x86_64 0.1-3 24.90 295.48 320.38 OK
r-release-macos-arm64 0.1-3 NOTE
r-release-macos-x86_64 0.1-3 NOTE
r-release-windows-ix86+x86_64 0.1-3 79.00 321.00 400.00 OK
r-oldrel-macos-x86_64 0.1-3 NOTE
r-oldrel-windows-ix86+x86_64 0.1-3 79.00 333.00 412.00 OK

Check Details

Version: 0.1-3
Check: dependencies in R code
Result: NOTE
    Namespace in Imports field not imported from: ‘spatstat’
     All declared Imports should be used.
Flavors: r-devel-linux-x86_64-fedora-clang, r-devel-linux-x86_64-fedora-gcc, r-devel-windows-x86_64-new-TK, r-release-macos-arm64, r-release-macos-x86_64, r-oldrel-macos-x86_64