CRAN Package Check Results for Package Bios2cor

Last updated on 2022-05-25 05:53:33 CEST.

Flavor Version Tinstall Tcheck Ttotal Status Flags
r-devel-linux-x86_64-debian-clang 2.2 6.85 136.31 143.16 NOTE
r-devel-linux-x86_64-debian-gcc 2.2 5.40 97.67 103.07 NOTE
r-devel-linux-x86_64-fedora-clang 2.2 162.77 OK
r-devel-linux-x86_64-fedora-gcc 2.2 172.00 OK
r-devel-windows-x86_64 2.2 32.00 159.00 191.00 OK
r-patched-linux-x86_64 2.2 9.68 129.05 138.73 OK
r-release-linux-x86_64 2.2 OK
r-release-macos-arm64 2.2 48.00 OK
r-release-macos-x86_64 2.2 61.00 OK
r-release-windows-x86_64 2.2 31.00 153.00 184.00 OK
r-oldrel-macos-arm64 2.2 52.00 OK
r-oldrel-macos-x86_64 2.2 92.00 OK
r-oldrel-windows-ix86+x86_64 2.2 14.00 151.00 165.00 OK

Check Details

Version: 2.2
Check: HTML version of manual
Result: NOTE
    Found the following problems:
    elsc.Rd:62:1: Warning: missing </em> before </p>
    elsc.Rd:63:32: Warning: inserting implicit <em>
    elsc.Rd:65:1: Warning: inserting implicit <em>
    elsc.Rd:62:1: Warning: trimming empty <em>
    elsc.Rd:65:1: Warning: trimming empty <em>
Flavors: r-devel-linux-x86_64-debian-clang, r-devel-linux-x86_64-debian-gcc