CRAN Package Check Results for Package BivRec

Last updated on 2020-01-17 05:47:07 CET.

Flavor Version Tinstall Tcheck Ttotal Status Flags
r-devel-linux-x86_64-debian-clang 1.2.0 14.33 142.81 157.14 OK
r-devel-linux-x86_64-debian-gcc 1.2.0 10.86 100.76 111.62 OK
r-devel-linux-x86_64-fedora-clang 1.2.0 188.13 OK
r-devel-linux-x86_64-fedora-gcc 1.2.0 184.55 OK
r-devel-windows-ix86+x86_64 1.2.0 40.00 288.00 328.00 OK
r-devel-windows-ix86+x86_64-gcc8 1.0.0 28.00 107.00 135.00 OK
r-patched-linux-x86_64 1.2.0 10.03 125.71 135.74 OK
r-patched-solaris-x86 1.2.0 187.80 OK
r-release-linux-x86_64 1.2.0 12.03 123.28 135.31 OK
r-release-windows-ix86+x86_64 1.2.0 37.00 253.00 290.00 OK
r-release-osx-x86_64 1.2.0 OK
r-oldrel-windows-ix86+x86_64 1.0.0 23.00 90.00 113.00 OK
r-oldrel-osx-x86_64 1.2.0 ERROR

Check Details

Version: 1.2.0
Check: tests
Result: ERROR
     Running ‘testthat.R’ [34s/34s]
    Running the tests in ‘tests/testthat.R’ failed.
    Last 13 lines of output:
     [1] "Estimating conditional cdf with 90% confidence interval using 100 bootstrap samples"
     ── 1. Error: np check (@test.sample_size_1.R#31) ──────────────────────────────
     Data not cleaned. All episodes provided are censored (all d2=0).
     Backtrace:
     1. BivRec::bivrecNP(...)
     3. base::with.default(...)
     4. [ base::eval(...) ] with 1 more call
     6. BivRec::bivrecSurv(id, epi, xij, yij, d1, d2)
    
     ══ testthat results ═══════════════════════════════════════════════════════════
     [ OK: 15 | SKIPPED: 0 | WARNINGS: 0 | FAILED: 1 ]
     1. Error: np check (@test.sample_size_1.R#31)
    
     Error: testthat unit tests failed
     Execution halted
Flavor: r-oldrel-osx-x86_64