Last updated on 2022-05-19 05:51:48 CEST.
Flavor | Version | Tinstall | Tcheck | Ttotal | Status | Flags |
---|---|---|---|---|---|---|
r-devel-linux-x86_64-debian-clang | 1.0 | 11.17 | 92.93 | 104.10 | NOTE | |
r-devel-linux-x86_64-debian-gcc | 1.0 | 8.40 | 70.40 | 78.80 | NOTE | |
r-devel-linux-x86_64-fedora-clang | 1.0 | 120.99 | NOTE | |||
r-devel-linux-x86_64-fedora-gcc | 1.0 | 118.60 | NOTE | |||
r-devel-windows-x86_64 | 1.0 | 12.00 | 105.00 | 117.00 | NOTE | |
r-patched-linux-x86_64 | 1.0 | 10.18 | 88.27 | 98.45 | NOTE | |
r-release-linux-x86_64 | 1.0 | 10.30 | 88.23 | 98.53 | NOTE | |
r-release-macos-arm64 | 1.0 | 35.00 | NOTE | |||
r-release-macos-x86_64 | 1.0 | 48.00 | NOTE | |||
r-release-windows-x86_64 | 1.0 | 18.00 | 110.00 | 128.00 | NOTE | |
r-oldrel-macos-arm64 | 1.0 | 38.00 | NOTE | |||
r-oldrel-macos-x86_64 | 1.0 | 69.00 | NOTE | |||
r-oldrel-windows-ix86+x86_64 | 1.0 | 22.00 | 98.00 | 120.00 | NOTE |
Version: 1.0
Check: R code for possible problems
Result: NOTE
BiVarEst : gammafit : gammaLik: no visible global function definition
for 'dgamma'
BiVarEst : gammafit : gammaLik: no visible global function definition
for 'pgamma'
BiVarEst : LiBiCop: no visible global function definition for
'dweibull'
BiVarEst : LiBiCop: no visible global function definition for
'pweibull'
BiVarEst : LiBiCop: no visible global function definition for 'dlnorm'
BiVarEst : LiBiCop: no visible global function definition for 'plnorm'
BiVarEst : LiBiCop: no visible global function definition for 'dnorm'
BiVarEst : LiBiCop: no visible global function definition for 'pnorm'
BiVarEst : LiBiCop: no visible global function definition for 'dgamma'
BiVarEst : LiBiCop: no visible global function definition for 'pgamma'
dibivar: no visible global function definition for 'pweibull'
dibivar: no visible global function definition for 'dweibull'
dibivar: no visible global function definition for 'pgamma'
dibivar: no visible global function definition for 'dgamma'
dibivar: no visible global function definition for 'plnorm'
dibivar: no visible global function definition for 'dlnorm'
dibivar: no visible global function definition for 'pnorm'
dibivar: no visible global function definition for 'dnorm'
gammafit : gammaLik: no visible global function definition for 'dgamma'
gammafit : gammaLik: no visible global function definition for 'pgamma'
pibivar: no visible global function definition for 'pweibull'
pibivar: no visible global function definition for 'pgamma'
pibivar: no visible global function definition for 'plnorm'
pibivar: no visible global function definition for 'pnorm'
subivar: no visible global function definition for 'pweibull'
subivar: no visible global function definition for 'pgamma'
subivar: no visible global function definition for 'plnorm'
subivar: no visible global function definition for 'pnorm'
Undefined global functions or variables:
dgamma dlnorm dnorm dweibull pgamma plnorm pnorm pweibull
Consider adding
importFrom("stats", "dgamma", "dlnorm", "dnorm", "dweibull", "pgamma",
"plnorm", "pnorm", "pweibull")
to your NAMESPACE file.
Flavors: r-devel-linux-x86_64-debian-clang, r-devel-linux-x86_64-debian-gcc, r-devel-linux-x86_64-fedora-clang, r-devel-linux-x86_64-fedora-gcc, r-devel-windows-x86_64, r-patched-linux-x86_64, r-release-linux-x86_64, r-release-macos-arm64, r-release-macos-x86_64, r-release-windows-x86_64, r-oldrel-macos-arm64, r-oldrel-macos-x86_64, r-oldrel-windows-ix86+x86_64
Version: 1.0
Check: LazyData
Result: NOTE
'LazyData' is specified without a 'data' directory
Flavors: r-devel-linux-x86_64-debian-clang, r-devel-linux-x86_64-debian-gcc, r-devel-linux-x86_64-fedora-clang, r-devel-linux-x86_64-fedora-gcc, r-devel-windows-x86_64, r-patched-linux-x86_64, r-release-linux-x86_64, r-release-macos-arm64, r-release-macos-x86_64, r-release-windows-x86_64, r-oldrel-macos-arm64, r-oldrel-macos-x86_64, r-oldrel-windows-ix86+x86_64