CRAN Package Check Results for Package Blaunet

Last updated on 2019-12-09 05:47:07 CET.

Flavor Version Tinstall Tcheck Ttotal Status Flags
r-devel-linux-x86_64-debian-clang 2.0.8 4.07 44.48 48.55 OK
r-devel-linux-x86_64-debian-gcc 2.0.8 3.60 33.40 37.00 OK
r-devel-linux-x86_64-fedora-clang 2.0.8 58.07 NOTE
r-devel-linux-x86_64-fedora-gcc 2.0.8 55.40 NOTE
r-devel-windows-ix86+x86_64 2.0.8 12.00 52.00 64.00 OK
r-devel-windows-ix86+x86_64-gcc8 2.0.8 12.00 55.00 67.00 OK
r-patched-linux-x86_64 2.0.8 3.30 40.32 43.62 OK
r-patched-solaris-x86 2.0.8 76.20 NOTE
r-release-linux-x86_64 2.0.8 4.17 39.94 44.11 OK
r-release-windows-ix86+x86_64 2.0.8 9.00 48.00 57.00 OK
r-release-osx-x86_64 2.0.8 NOTE
r-oldrel-windows-ix86+x86_64 2.0.8 4.00 46.00 50.00 OK
r-oldrel-osx-x86_64 2.0.8 NOTE

Check Details

Version: 2.0.8
Check: dependencies in R code
Result: NOTE
    Namespaces in Imports field not imported from:
     ‘RGtk2’ ‘cairoDevice’ ‘ergm’ ‘foreign’ ‘gWidgets’ ‘gWidgetsRGtk2’
     ‘haven’ ‘plot3D’ ‘plot3Drgl’ ‘rgl’ ‘sna’ ‘statnet.common’
     All declared Imports should be used.
Flavors: r-devel-linux-x86_64-fedora-clang, r-devel-linux-x86_64-fedora-gcc, r-patched-solaris-x86, r-release-osx-x86_64, r-oldrel-osx-x86_64