CRAN Package Check Results for Package Blaunet

Last updated on 2019-08-18 05:46:10 CEST.

Flavor Version Tinstall Tcheck Ttotal Status Flags
r-devel-linux-x86_64-debian-clang 2.0.8 4.82 42.21 47.03 OK
r-devel-linux-x86_64-debian-gcc 2.0.8 3.40 32.21 35.61 OK
r-devel-linux-x86_64-fedora-clang 2.0.8 56.30 NOTE
r-devel-linux-x86_64-fedora-gcc 2.0.8 51.31 NOTE
r-devel-windows-ix86+x86_64 2.0.8 13.00 72.00 85.00 OK
r-patched-linux-x86_64 2.0.8 4.15 40.64 44.79 OK
r-patched-solaris-x86 2.0.8 82.80 NOTE
r-release-linux-x86_64 2.0.8 3.16 41.10 44.26 OK
r-release-windows-ix86+x86_64 2.0.8 16.00 78.00 94.00 OK
r-release-osx-x86_64 2.0.8 NOTE
r-oldrel-windows-ix86+x86_64 2.0.8 10.00 76.00 86.00 OK
r-oldrel-osx-x86_64 2.0.8 NOTE

Check Details

Version: 2.0.8
Check: dependencies in R code
Result: NOTE
    Namespaces in Imports field not imported from:
     ‘RGtk2’ ‘cairoDevice’ ‘ergm’ ‘foreign’ ‘gWidgets’ ‘gWidgetsRGtk2’
     ‘haven’ ‘plot3D’ ‘plot3Drgl’ ‘rgl’ ‘sna’ ‘statnet.common’
     All declared Imports should be used.
Flavors: r-devel-linux-x86_64-fedora-clang, r-devel-linux-x86_64-fedora-gcc, r-patched-solaris-x86, r-release-osx-x86_64, r-oldrel-osx-x86_64