Last updated on 2022-08-08 05:49:24 CEST.
Flavor | Version | Tinstall | Tcheck | Ttotal | Status | Flags |
---|---|---|---|---|---|---|
r-devel-linux-x86_64-debian-clang | 1.0.3 | 57.17 | 43.20 | 100.37 | OK | |
r-devel-linux-x86_64-debian-gcc | 1.0.3 | 54.55 | 33.03 | 87.58 | OK | |
r-devel-linux-x86_64-fedora-clang | 1.0.3 | 163.14 | OK | |||
r-devel-linux-x86_64-fedora-gcc | 1.0.3 | 158.83 | OK | |||
r-devel-windows-x86_64 | 1.0.3 | 58.00 | 87.00 | 145.00 | OK | |
r-patched-linux-x86_64 | 1.0.3 | 54.93 | 41.64 | 96.57 | OK | |
r-release-linux-x86_64 | 1.0.3 | OK | ||||
r-release-macos-arm64 | 1.0.3 | 97.00 | OK | |||
r-release-macos-x86_64 | 1.0.3 | 190.00 | NOTE | |||
r-release-windows-x86_64 | 1.0.3 | 64.00 | 88.00 | 152.00 | OK | |
r-oldrel-macos-arm64 | 1.0.3 | 50.00 | NOTE | |||
r-oldrel-macos-x86_64 | 1.0.3 | 78.00 | NOTE | |||
r-oldrel-windows-ix86+x86_64 | 1.0.3 | 140.00 | 90.00 | 230.00 | OK |
Version: 1.0.3
Check: installed package size
Result: NOTE
installed size is 6.3Mb
sub-directories of 1Mb or more:
libs 6.0Mb
Flavors: r-release-macos-x86_64, r-oldrel-macos-arm64, r-oldrel-macos-x86_64