CRAN Package Check Results for Package BradleyTerryScalable

Last updated on 2020-01-19 05:47:02 CET.

Flavor Version Tinstall Tcheck Ttotal Status Flags
r-devel-linux-x86_64-debian-clang 0.1.0 86.25 47.14 133.39 OK
r-devel-linux-x86_64-debian-gcc 0.1.0 62.20 36.75 98.95 OK
r-devel-linux-x86_64-fedora-clang 0.1.0 183.57 NOTE
r-devel-linux-x86_64-fedora-gcc 0.1.0 177.84 OK
r-devel-windows-ix86+x86_64 0.1.0 192.00 115.00 307.00 OK
r-devel-windows-ix86+x86_64-gcc8 0.1.0 164.00 94.00 258.00 OK
r-patched-linux-x86_64 0.1.0 62.50 42.93 105.43 OK
r-patched-solaris-x86 0.1.0 160.10 OK
r-release-linux-x86_64 0.1.0 64.60 43.47 108.07 OK
r-release-windows-ix86+x86_64 0.1.0 200.00 114.00 314.00 OK
r-release-osx-x86_64 0.1.0 NOTE
r-oldrel-windows-ix86+x86_64 0.1.0 163.00 73.00 236.00 OK
r-oldrel-osx-x86_64 0.1.0 OK

Check Details

Version: 0.1.0
Check: installed package size
Result: NOTE
     installed size is 6.9Mb
     sub-directories of 1Mb or more:
     libs 6.5Mb
Flavors: r-devel-linux-x86_64-fedora-clang, r-release-osx-x86_64