CRAN Package Check Results for Package BradleyTerryScalable

Last updated on 2019-08-24 05:46:53 CEST.

Flavor Version Tinstall Tcheck Ttotal Status Flags
r-devel-linux-x86_64-debian-clang 0.1.0 79.22 44.54 123.76 OK
r-devel-linux-x86_64-debian-gcc 0.1.0 60.81 35.13 95.94 OK
r-devel-linux-x86_64-fedora-clang 0.1.0 183.76 NOTE
r-devel-linux-x86_64-fedora-gcc 0.1.0 173.28 OK
r-devel-windows-ix86+x86_64 0.1.0 136.00 86.00 222.00 OK
r-patched-linux-x86_64 0.1.0 65.42 44.41 109.83 OK
r-patched-solaris-x86 0.1.0 166.80 OK
r-release-linux-x86_64 0.1.0 63.68 43.56 107.24 OK
r-release-windows-ix86+x86_64 0.1.0 178.00 109.00 287.00 OK
r-release-osx-x86_64 0.1.0 NOTE
r-oldrel-windows-ix86+x86_64 0.1.0 181.00 105.00 286.00 OK
r-oldrel-osx-x86_64 0.1.0 OK

Check Details

Version: 0.1.0
Check: installed package size
Result: NOTE
     installed size is 7.0Mb
     sub-directories of 1Mb or more:
     libs 6.6Mb
Flavors: r-devel-linux-x86_64-fedora-clang, r-release-osx-x86_64