CRAN Package Check Results for Package Buddle

Last updated on 2024-06-13 06:57:56 CEST.

Flavor Version Tinstall Tcheck Ttotal Status Flags
r-devel-linux-x86_64-debian-clang 2.0.1 45.31 31.78 77.09 NOTE
r-devel-linux-x86_64-debian-gcc 2.0.1 36.74 26.77 63.51 NOTE
r-devel-linux-x86_64-fedora-clang 2.0.1 107.48 NOTE
r-devel-linux-x86_64-fedora-gcc 2.0.1 123.66 NOTE
r-devel-windows-x86_64 2.0.1 39.00 69.00 108.00 NOTE
r-patched-linux-x86_64 2.0.1 45.58 33.44 79.02 NOTE
r-release-linux-x86_64 2.0.1 43.89 32.91 76.80 NOTE
r-release-macos-arm64 2.0.1 31.00 NOTE
r-release-macos-x86_64 2.0.1 42.00 NOTE
r-release-windows-x86_64 2.0.1 40.00 70.00 110.00 NOTE
r-oldrel-macos-arm64 2.0.1 34.00 NOTE
r-oldrel-macos-x86_64 2.0.1 55.00 NOTE
r-oldrel-windows-x86_64 2.0.1 49.00 78.00 127.00 NOTE

Check Details

Version: 2.0.1
Check: C++ specification
Result: NOTE Specified C++11: please drop specification unless essential Flavors: r-devel-linux-x86_64-debian-clang, r-devel-linux-x86_64-debian-gcc, r-devel-linux-x86_64-fedora-clang, r-devel-linux-x86_64-fedora-gcc, r-devel-windows-x86_64, r-patched-linux-x86_64, r-release-linux-x86_64, r-release-macos-arm64, r-release-macos-x86_64, r-release-windows-x86_64, r-oldrel-macos-arm64, r-oldrel-macos-x86_64, r-oldrel-windows-x86_64

Version: 2.0.1
Check: installed package size
Result: NOTE installed size is 5.1Mb sub-directories of 1Mb or more: libs 5.0Mb Flavor: r-oldrel-macos-arm64