Last updated on 2022-08-17 05:58:21 CEST.
Flavor | Version | Tinstall | Tcheck | Ttotal | Status | Flags |
---|---|---|---|---|---|---|
r-devel-linux-x86_64-debian-clang | 2.0.1 | 44.21 | 35.53 | 79.74 | OK | |
r-devel-linux-x86_64-debian-gcc | 2.0.1 | OK | ||||
r-devel-linux-x86_64-fedora-clang | 2.0.1 | 123.94 | OK | |||
r-devel-linux-x86_64-fedora-gcc | 2.0.1 | 122.40 | OK | |||
r-devel-windows-x86_64 | 2.0.1 | 77.00 | 78.00 | 155.00 | OK | |
r-patched-linux-x86_64 | 2.0.1 | 42.19 | 33.84 | 76.03 | OK | |
r-release-linux-x86_64 | 2.0.1 | 42.96 | 34.11 | 77.07 | OK | |
r-release-macos-arm64 | 2.0.1 | 32.00 | OK | |||
r-release-macos-x86_64 | 2.0.1 | 44.00 | NOTE | |||
r-release-windows-x86_64 | 2.0.1 | 47.00 | 81.00 | 128.00 | OK | |
r-oldrel-macos-arm64 | 2.0.1 | 37.00 | NOTE | |||
r-oldrel-macos-x86_64 | 2.0.1 | 62.00 | NOTE | |||
r-oldrel-windows-ix86+x86_64 | 2.0.1 | 114.00 | 86.00 | 200.00 | OK |
Version: 2.0.1
Check: installed package size
Result: NOTE
installed size is 5.1Mb
sub-directories of 1Mb or more:
libs 5.0Mb
Flavors: r-release-macos-x86_64, r-oldrel-macos-arm64, r-oldrel-macos-x86_64