CRAN Package Check Results for Package CATTexact

Last updated on 2022-09-26 05:55:38 CEST.

Flavor Version Tinstall Tcheck Ttotal Status Flags
r-devel-linux-x86_64-debian-clang 0.1.1 2.61 37.17 39.78 NOTE
r-devel-linux-x86_64-debian-gcc 0.1.1 1.91 27.25 29.16 NOTE
r-devel-linux-x86_64-fedora-clang 0.1.1 58.70 NOTE
r-devel-linux-x86_64-fedora-gcc 0.1.1 56.00 NOTE
r-devel-windows-x86_64 0.1.1 10.00 73.00 83.00 NOTE
r-patched-linux-x86_64 0.1.1 2.52 35.02 37.54 NOTE
r-release-linux-x86_64 0.1.1 2.54 33.82 36.36 NOTE
r-release-macos-arm64 0.1.1 23.00 NOTE
r-release-macos-x86_64 0.1.1 31.00 NOTE
r-release-windows-x86_64 0.1.1 13.00 71.00 84.00 NOTE
r-oldrel-macos-arm64 0.1.1 29.00 NOTE
r-oldrel-macos-x86_64 0.1.1 41.00 NOTE
r-oldrel-windows-ix86+x86_64 0.1.1 5.00 64.00 69.00 NOTE

Check Details

Version: 0.1.1
Check: LazyData
Result: NOTE
     'LazyData' is specified without a 'data' directory
Flavors: r-devel-linux-x86_64-debian-clang, r-devel-linux-x86_64-debian-gcc, r-devel-linux-x86_64-fedora-clang, r-devel-linux-x86_64-fedora-gcc, r-devel-windows-x86_64, r-patched-linux-x86_64, r-release-linux-x86_64, r-release-macos-arm64, r-release-macos-x86_64, r-release-windows-x86_64, r-oldrel-macos-arm64, r-oldrel-macos-x86_64, r-oldrel-windows-ix86+x86_64