CRAN Package Check Results for Package CB2

Last updated on 2021-12-07 05:55:00 CET.

Flavor Version Tinstall Tcheck Ttotal Status Flags
r-devel-linux-x86_64-debian-clang 1.3.4 41.99 85.35 127.34 OK
r-devel-linux-x86_64-debian-gcc 1.3.4 31.16 72.22 103.38 OK
r-devel-linux-x86_64-fedora-clang 1.3.4 178.81 NOTE
r-devel-linux-x86_64-fedora-gcc 1.3.4 172.46 OK
r-devel-windows-x86_64-new-UL 1.3.4 58.00 1123.00 1181.00 OK
r-devel-windows-x86_64-new-TK 1.3.4 OK
r-devel-windows-x86_64-old 1.3.4 58.00 136.00 194.00 OK
r-patched-linux-x86_64 1.3.4 39.37 92.39 131.76 OK
r-release-linux-x86_64 1.3.4 38.55 91.57 130.12 OK
r-release-macos-arm64 1.3.4 NOTE
r-release-macos-x86_64 1.3.4 NOTE
r-release-windows-ix86+x86_64 1.3.4 106.00 156.00 262.00 NOTE
r-oldrel-macos-x86_64 1.3.4 NOTE
r-oldrel-windows-ix86+x86_64 1.3.4 102.00 199.00 301.00 NOTE

Check Details

Version: 1.3.4
Check: installed package size
Result: NOTE
     installed size is 5.8Mb
     sub-directories of 1Mb or more:
     data 1.6Mb
     extdata 1.1Mb
     libs 2.5Mb
Flavors: r-devel-linux-x86_64-fedora-clang, r-release-macos-arm64, r-release-macos-x86_64, r-release-windows-ix86+x86_64, r-oldrel-macos-x86_64, r-oldrel-windows-ix86+x86_64