CRAN Package Check Results for Package CCTpack

Last updated on 2020-02-27 05:48:41 CET.

Flavor Version Tinstall Tcheck Ttotal Status Flags
r-devel-linux-x86_64-debian-clang 1.5.2 18.11 67.40 85.51 NOTE
r-devel-linux-x86_64-debian-gcc 1.5.2 12.79 54.12 66.91 NOTE
r-devel-linux-x86_64-fedora-clang 1.5.2 112.35 NOTE
r-devel-linux-x86_64-fedora-gcc 1.5.2 102.61 NOTE
r-devel-windows-ix86+x86_64 1.5.2 19.00 72.00 91.00 OK
r-devel-windows-ix86+x86_64-gcc8 1.5.2 17.00 72.00 89.00 OK
r-patched-linux-x86_64 1.5.2 15.89 62.62 78.51 OK
r-patched-solaris-x86 1.5.2 143.70 OK
r-release-linux-x86_64 1.5.2 15.96 62.89 78.85 OK
r-release-windows-ix86+x86_64 1.5.2 15.00 64.00 79.00 OK
r-release-osx-x86_64 1.5.2 OK
r-oldrel-windows-ix86+x86_64 1.5.2 16.00 59.00 75.00 OK
r-oldrel-osx-x86_64 1.5.2 OK

Check Details

Version: 1.5.2
Check: for non-standard things in the check directory
Result: NOTE
    Found the following files/directories:
     'hotcold.csv'
Flavors: r-devel-linux-x86_64-debian-clang, r-devel-linux-x86_64-debian-gcc, r-devel-linux-x86_64-fedora-clang, r-devel-linux-x86_64-fedora-gcc