CRAN Package Check Results for Package CCTpack

Last updated on 2019-09-20 05:46:51 CEST.

Flavor Version Tinstall Tcheck Ttotal Status Flags
r-devel-linux-x86_64-debian-clang 1.5.2 16.12 62.68 78.80 NOTE
r-devel-linux-x86_64-debian-gcc 1.5.2 12.23 48.06 60.29 NOTE
r-devel-linux-x86_64-fedora-clang 1.5.2 96.44 NOTE
r-devel-linux-x86_64-fedora-gcc 1.5.2 95.60 NOTE
r-devel-windows-ix86+x86_64 1.5.2 28.00 74.00 102.00 OK
r-patched-linux-x86_64 1.5.2 16.18 62.25 78.43 OK
r-patched-solaris-x86 1.5.2 133.10 OK
r-release-linux-x86_64 1.5.2 14.94 62.26 77.20 OK
r-release-windows-ix86+x86_64 1.5.2 19.00 117.00 136.00 OK
r-release-osx-x86_64 1.5.2 OK
r-oldrel-windows-ix86+x86_64 1.5.2 14.00 66.00 80.00 OK
r-oldrel-osx-x86_64 1.5.2 OK

Check Details

Version: 1.5.2
Check: for non-standard things in the check directory
Result: NOTE
    Found the following files/directories:
     'hotcold.csv'
Flavors: r-devel-linux-x86_64-debian-clang, r-devel-linux-x86_64-debian-gcc, r-devel-linux-x86_64-fedora-clang, r-devel-linux-x86_64-fedora-gcc