CRAN Package Check Results for Package CDatanet

Last updated on 2024-06-13 06:57:56 CEST.

Flavor Version Tinstall Tcheck Ttotal Status Flags
r-devel-linux-x86_64-debian-clang 2.2.0 244.83 90.65 335.48 OK
r-devel-linux-x86_64-debian-gcc 2.2.0 0.31 1.62 1.93 ERROR
r-devel-linux-x86_64-fedora-clang 2.2.0 453.28 OK
r-devel-linux-x86_64-fedora-gcc 2.2.0 527.85 OK
r-devel-windows-x86_64 2.2.0 184.00 116.00 300.00 OK
r-patched-linux-x86_64 2.2.0 220.63 91.34 311.97 OK
r-release-linux-x86_64 2.2.0 168.92 91.13 260.05 OK
r-release-macos-arm64 2.2.0 105.00 NOTE
r-release-macos-x86_64 2.2.0 110.00 NOTE
r-release-windows-x86_64 2.2.0 174.00 131.00 305.00 OK
r-oldrel-macos-arm64 2.2.0 108.00 NOTE
r-oldrel-macos-x86_64 2.2.0 146.00 NOTE
r-oldrel-windows-x86_64 2.2.0 229.00 141.00 370.00 OK

Check Details

Version: 2.2.0
Check: package dependencies
Result: ERROR Package required but not available: ‘ddpcr’ Package suggested but not available for checking: ‘ggplot2’ See section ‘The DESCRIPTION file’ in the ‘Writing R Extensions’ manual. Flavor: r-devel-linux-x86_64-debian-gcc

Version: 2.2.0
Check: installed package size
Result: NOTE installed size is 21.0Mb sub-directories of 1Mb or more: libs 20.6Mb Flavors: r-release-macos-arm64, r-release-macos-x86_64, r-oldrel-macos-arm64, r-oldrel-macos-x86_64